{"id":9425,"date":"2022-08-04T22:17:37","date_gmt":"2022-08-04T21:17:37","guid":{"rendered":"https:\/\/www.instantsvideo.com\/blog\/?post_type=portfolio&#038;p=9425"},"modified":"2024-03-05T19:26:22","modified_gmt":"2024-03-05T18:26:22","slug":"i-the-news","status":"publish","type":"portfolio","link":"https:\/\/www.instantsvideo.com\/blog\/video\/i-the-news\/","title":{"rendered":"I, The News"},"content":{"rendered":"<p>Il est de plus en plus fr\u00e9quent\u00a0de d\u00e9couvrir de nouvelles narrations sur\u00a0nos vies, \u00e0 la fois en tant que Palestiniens et en tant que citoyens du monde. Dans la vid\u00e9o, un arri\u00e8re-plan de bribes de ma vie quotidienne, que j\u2019ai post\u00e9 sur les m\u00e9dias sociaux. Il s\u2019y superpose un petit \u00e9cran d\u2019articles d\u2019actualit\u00e9 lus \u00ab\u00a0\u00e0 travers des lunettes\u00a0\u00bb. Alors que le petit \u00e9cran s\u2019agrandit, ma voix lisant des articles s\u2019emp\u00eatre, faisant disparaitre les images de la vie r\u00e9elle.\u00a0<em>I, The news<\/em>\u00a0pose une question : La fa\u00e7on dont nous interagissons avec les informations, ou dont nous nous en abstenons, constitue-t-elle un cas de r\u00e9bellion ?<\/p>\n<p><em>It is becoming more and more common to encounter news narrating of our lives, both as Palestinians, and as citizens of the world. In the video, a background of snippets of my daily life, that I posted on social media. It is overlaid by a small screen of news articles being read \u201cthrough glasses\u201d. As the small screen gets bigger, and my voice reading news articles gets more entangled, overshadowing real-life clips, \u201cI, The news\u201d poses a question: Does the way we interact with, or refrain from, the news constitute a Case of Rebellion?<\/em><\/p>\n<p>[Programmation : Biennale \/si:n\/]<\/p>\n","protected":false},"featured_media":9921,"menu_order":157,"template":"","portfolio-category":[283,307,426],"portfolio-tag":[298],"class_list":["post-9425","portfolio","type-portfolio","status-publish","has-post-thumbnail","hentry","portfolio-category-12-nov-2022-22h00","portfolio-category-paris-23-mars-2023","portfolio-category-solidaires-15-mars-2024-19h","portfolio-tag-video"],"_links":{"self":[{"href":"https:\/\/www.instantsvideo.com\/blog\/wp-json\/wp\/v2\/portfolio\/9425","targetHints":{"allow":["GET"]}}],"collection":[{"href":"https:\/\/www.instantsvideo.com\/blog\/wp-json\/wp\/v2\/portfolio"}],"about":[{"href":"https:\/\/www.instantsvideo.com\/blog\/wp-json\/wp\/v2\/types\/portfolio"}],"wp:featuredmedia":[{"embeddable":true,"href":"https:\/\/www.instantsvideo.com\/blog\/wp-json\/wp\/v2\/media\/9921"}],"wp:attachment":[{"href":"https:\/\/www.instantsvideo.com\/blog\/wp-json\/wp\/v2\/media?parent=9425"}],"wp:term":[{"taxonomy":"portfolio-category","embeddable":true,"href":"https:\/\/www.instantsvideo.com\/blog\/wp-json\/wp\/v2\/portfolio-category?post=9425"},{"taxonomy":"portfolio-tag","embeddable":true,"href":"https:\/\/www.instantsvideo.com\/blog\/wp-json\/wp\/v2\/portfolio-tag?post=9425"}],"curies":[{"name":"wp","href":"https:\/\/api.w.org\/{rel}","templated":true}]}}

<p>Il est de plus en plus fréquent de découvrir de nouvelles narrations sur nos vies, à la fois en tant que Palestiniens et en tant que citoyens du monde. Dans la vidéo, un arrière-plan de bribes de ma vie quotidienne, que j’ai posté sur les médias sociaux. Il s’y superpose un petit écran d’articles d’actualité lus « à travers des lunettes ». Alors que le petit écran s’agrandit, ma voix lisant des articles s’empêtre, faisant disparaitre les images de la vie réelle. <em>I, The news</em> pose une question : La façon dont nous interagissons avec les informations, ou dont nous nous en abstenons, constitue-t-elle un cas de rébellion ?</p>
<p><em>It is becoming more and more common to encounter news narrating of our lives, both as Palestinians, and as citizens of the world. In the video, a background of snippets of my daily life, that I posted on social media. It is overlaid by a small screen of news articles being read “through glasses”. As the small screen gets bigger, and my voice reading news articles gets more entangled, overshadowing real-life clips, “I, The news” poses a question: Does the way we interact with, or refrain from, the news constitute a Case of Rebellion?</em></p>
<p>[Programmation : Biennale /si:n/]</p>
