{"id":14837,"date":"2025-07-25T02:48:00","date_gmt":"2025-07-25T01:48:00","guid":{"rendered":"https:\/\/www.instantsvideo.com\/blog\/video\/the-one-who-believed-in-bison\/"},"modified":"2025-09-30T13:47:23","modified_gmt":"2025-09-30T12:47:23","slug":"the-one-who-believed-in-bison","status":"publish","type":"portfolio","link":"https:\/\/www.instantsvideo.com\/blog\/video\/the-one-who-believed-in-bison\/","title":{"rendered":"Celui qui voulait croire au bison"},"content":{"rendered":"\n<p>\u00ab Celui qui croyait au bison \u00bb est un court m\u00e9trage qui d\u00e9peint une \u00e9vasion audacieuse des fronti\u00e8res de l&rsquo;Europe de l&rsquo;Est. \u00c0 l&rsquo;aide d&rsquo;un totem en forme de bison, cens\u00e9 \u00eatre dot\u00e9 d&rsquo;un pouvoir surnaturel, celui de renverser tyrans et dictatures, un jeune homme explore l&rsquo;articulation entre mensonge et v\u00e9rit\u00e9, fable et information \u00e0 la fronti\u00e8re ukrainienne et se confronte \u00e0 un territoire en mutation.<\/p>\n\n\n\n<p><em>\u00abThe one who believed in Bison\u00bb is a short movie that depict a bold escape from Eastern Europe borders. With the help of a Bison-shaped totem supposedly endowed with supernatural power, that of overthrowing tyrants and dictatorships, a young men explores the articulation between lie and truth, fable and information at the Ukrainian border and confronts himself in a changing territory.<\/em><\/p>\n\n\n\n<figure class=\"wp-block-embed is-type-video is-provider-vimeo wp-block-embed-vimeo wp-embed-aspect-16-9 wp-has-aspect-ratio\"><div class=\"wp-block-embed__wrapper\">\n<iframe loading=\"lazy\" title=\"CELUI QUI VOULAIT CROIRE AU BISON - teaser\" src=\"https:\/\/player.vimeo.com\/video\/542553170?dnt=1&amp;app_id=122963\" width=\"640\" height=\"360\" frameborder=\"0\" allow=\"autoplay; fullscreen; picture-in-picture; clipboard-write; encrypted-media; web-share\" referrerpolicy=\"strict-origin-when-cross-origin\"><\/iframe>\n<\/div><\/figure>\n\n\n\n<p><\/p>\n\n\n\n<figure class=\"wp-block-image size-large\"><img decoding=\"async\" src=\"https:\/\/filmfreeway-production-storage-01-connector.filmfreeway.com\/press_kits\/posters\/002\/314\/147\/original\/42af52be32-poster.jpg?1679675967\" alt=\"\"\/><\/figure>\n\n\n\n<p><\/p>\n\n\n\n<figure class=\"wp-block-image size-large is-resized\"><img decoding=\"async\" src=\"https:\/\/filmfreeway-production-storage-01-connector.filmfreeway.com\/press_kits\/headshots\/002\/314\/147\/original\/df46e12951-headshot.jpg?1679652730\" alt=\"\" style=\"aspect-ratio:1;object-fit:cover;width:200px\"\/><\/figure>\n\n\n\n<p><\/p>\n\n\n\n<p>N\u00e9 \u00e0 Cayenne en Guyane fran\u00e7aise, <strong>Malo Lacroix<\/strong> est un artiste plasticien dont le travail touche \u00e0 la sc\u00e9nographie, au cin\u00e9ma et \u00e0 la performance avec un int\u00e9r\u00eat prononc\u00e9 pour les nouvelles formes de narration et d&rsquo;imagerie \u00e0 la fronti\u00e8re du r\u00e9el o\u00f9 se m\u00ealent \u0153uvres plastiques, artefacts technologiques, musique \u00e9lectronique et arts num\u00e9riques. Depuis plusieurs ann\u00e9es, Malo est invit\u00e9 \u00e0 pr\u00e9senter son travail dans diverses institutions telles que le Festival Gamma de Saint-P\u00e9tersbourg, les Berliner Festspiele et Ohm de Berlin, la Gait\u00e9 Lyrique, le Th\u00e9\u00e2tre du Ch\u00e2telet, l&rsquo;\u00c9cole Estienne, Le Dos en Sc\u00e8ne \u00e0 Paris, le Mus\u00e9e Fabre de Montpellier, Stereolux de Nantes, l&rsquo;Op\u00e9ra national des Pays-Bas, De Brake Grond d&rsquo;Amsterdam, le Metropolitan Pavilion de New York, l&rsquo;Orangerie du Parc de la T\u00eate d&rsquo;Or, le festival Mirage, les Nuits Sonores de Lyon et MMOMA de Moscou pour le festival d&rsquo;art vid\u00e9o Now&amp;After et le festival Videofromres de Clermont-Ferrand. En 2019, Malo a remport\u00e9 une m\u00e9daille de bronze \u00e0 la Shenzhen Design Week en Chine pour le projet Porte Nef, fruit d&rsquo;une collaboration entre l&rsquo;architecte Maxime Aumon et le compositeur In Aeternam Vale. Plus r\u00e9cemment, son travail vid\u00e9o a \u00e9t\u00e9 int\u00e9gr\u00e9 au spectacle La Horde de Contre-vent, adapt\u00e9 du roman d&rsquo;Alain Damasio avec Nicolas Boudier et Philippe Gordianni, en coproduction avec TNG Lyon. En 2024, son film Celui qui voulait croire au Bison a \u00e9t\u00e9 prim\u00e9 en comp\u00e9tition internationale au festival Videoformes.<\/p>\n\n\n\n<p><em><strong>Malo Lacroix<\/strong>, born in Cayenne, French Guyana, is a visual artist whose work concerns scenography, film and performance with a pronounced interest in new forms of storytelling and imagery at the frontier of reality where plastic works technological artifact, electronic music and digital arts are combined. For several years, Malo has been invited to present his work in various institutions such as the Gamma Festival, St Petersburg, Berliner Festspiele and Ohm, Berlin, Gait\u00e9 Lyrique, Th\u00e9\u00e2tre du Chatelet, \u00c9cole Estienne, Le Dos en Sc\u00e8ne, Paris, Mus\u00e9e Fabre, Montpellier, Stereolux, Nantes, Dutch nationale Opera &amp; Ballet, De Brake Grond, Amsterdam, Metropolitan Pavilion, New York, Orangerie du Parc la t\u00eate d\u2019Or, Mirage festival, Nuits Sonores \u00e0 Lyon and MMOMA, Moscow for the Now&amp;After video art festival and Videofromres festival in Clermont-Ferrand. <\/em> <em>In 2019, Malo won a bronze medal at the Shenzhen Design Week in China for the Porte Nef project, a collaboration between architect Maxime Aumon and composer In Aeternam Vale. More recently, his video work has been included for the show La Horde de Contre-vent, adapted from the novel by Alain Damasio\u2019s with Nicolas Boudier and Philippe Gordianni in co-production with TNG Lyon. In 2024, his film Celui qui voulait croire au Bison was awarded International competition at Videoformes festival.<\/em><\/p>\n\n\n\n<p><a href=\"http:\/\/www.malolacroix.fr\/#bison\" target=\"_blank\" rel=\"noreferrer noopener\">Website<\/a><\/p>\n\n\n\n<p>&nbsp;<\/p>\n","protected":false},"featured_media":14853,"menu_order":0,"template":"","portfolio-category":[536],"portfolio-tag":[],"class_list":["post-14837","portfolio","type-portfolio","status-publish","has-post-thumbnail","hentry","portfolio-category-friche-18-oct-2025-20h30"],"_links":{"self":[{"href":"https:\/\/www.instantsvideo.com\/blog\/wp-json\/wp\/v2\/portfolio\/14837","targetHints":{"allow":["GET"]}}],"collection":[{"href":"https:\/\/www.instantsvideo.com\/blog\/wp-json\/wp\/v2\/portfolio"}],"about":[{"href":"https:\/\/www.instantsvideo.com\/blog\/wp-json\/wp\/v2\/types\/portfolio"}],"wp:featuredmedia":[{"embeddable":true,"href":"https:\/\/www.instantsvideo.com\/blog\/wp-json\/wp\/v2\/media\/14853"}],"wp:attachment":[{"href":"https:\/\/www.instantsvideo.com\/blog\/wp-json\/wp\/v2\/media?parent=14837"}],"wp:term":[{"taxonomy":"portfolio-category","embeddable":true,"href":"https:\/\/www.instantsvideo.com\/blog\/wp-json\/wp\/v2\/portfolio-category?post=14837"},{"taxonomy":"portfolio-tag","embeddable":true,"href":"https:\/\/www.instantsvideo.com\/blog\/wp-json\/wp\/v2\/portfolio-tag?post=14837"}],"curies":[{"name":"wp","href":"https:\/\/api.w.org\/{rel}","templated":true}]}}

<p>« Celui qui croyait au bison » est un court métrage qui dépeint une évasion audacieuse des frontières de l&rsquo;Europe de l&rsquo;Est. À l&rsquo;aide d&rsquo;un totem en forme de bison, censé être doté d&rsquo;un pouvoir surnaturel, celui de renverser tyrans et dictatures, un jeune homme explore l&rsquo;articulation entre mensonge et vérité, fable et information à la frontière ukrainienne et se confronte à un territoire en mutation.</p>



<p><em>«The one who believed in Bison» is a short movie that depict a bold escape from Eastern Europe borders. With the help of a Bison-shaped totem supposedly endowed with supernatural power, that of overthrowing tyrants and dictatorships, a young men explores the articulation between lie and truth, fable and information at the Ukrainian border and confronts himself in a changing territory.</em></p>



<figure class="wp-block-embed is-type-video is-provider-vimeo wp-block-embed-vimeo wp-embed-aspect-16-9 wp-has-aspect-ratio"><div class="wp-block-embed__wrapper">
<iframe loading="lazy" title="CELUI QUI VOULAIT CROIRE AU BISON - teaser" src="https://player.vimeo.com/video/542553170?dnt=1&amp;app_id=122963" width="640" height="360" frameborder="0" allow="autoplay; fullscreen; picture-in-picture; clipboard-write; encrypted-media; web-share" referrerpolicy="strict-origin-when-cross-origin"></iframe>
</div></figure>



<p></p>



<figure class="wp-block-image size-large"><img decoding="async" src="https://filmfreeway-production-storage-01-connector.filmfreeway.com/press_kits/posters/002/314/147/original/42af52be32-poster.jpg?1679675967" alt=""/></figure>



<p></p>



<figure class="wp-block-image size-large is-resized"><img decoding="async" src="https://filmfreeway-production-storage-01-connector.filmfreeway.com/press_kits/headshots/002/314/147/original/df46e12951-headshot.jpg?1679652730" alt="" style="aspect-ratio:1;object-fit:cover;width:200px"/></figure>



<p></p>



<p>Né à Cayenne en Guyane française, <strong>Malo Lacroix</strong> est un artiste plasticien dont le travail touche à la scénographie, au cinéma et à la performance avec un intérêt prononcé pour les nouvelles formes de narration et d&rsquo;imagerie à la frontière du réel où se mêlent œuvres plastiques, artefacts technologiques, musique électronique et arts numériques. Depuis plusieurs années, Malo est invité à présenter son travail dans diverses institutions telles que le Festival Gamma de Saint-Pétersbourg, les Berliner Festspiele et Ohm de Berlin, la Gaité Lyrique, le Théâtre du Châtelet, l&rsquo;École Estienne, Le Dos en Scène à Paris, le Musée Fabre de Montpellier, Stereolux de Nantes, l&rsquo;Opéra national des Pays-Bas, De Brake Grond d&rsquo;Amsterdam, le Metropolitan Pavilion de New York, l&rsquo;Orangerie du Parc de la Tête d&rsquo;Or, le festival Mirage, les Nuits Sonores de Lyon et MMOMA de Moscou pour le festival d&rsquo;art vidéo Now&amp;After et le festival Videofromres de Clermont-Ferrand. En 2019, Malo a remporté une médaille de bronze à la Shenzhen Design Week en Chine pour le projet Porte Nef, fruit d&rsquo;une collaboration entre l&rsquo;architecte Maxime Aumon et le compositeur In Aeternam Vale. Plus récemment, son travail vidéo a été intégré au spectacle La Horde de Contre-vent, adapté du roman d&rsquo;Alain Damasio avec Nicolas Boudier et Philippe Gordianni, en coproduction avec TNG Lyon. En 2024, son film Celui qui voulait croire au Bison a été primé en compétition internationale au festival Videoformes.</p>



<p><em><strong>Malo Lacroix</strong>, born in Cayenne, French Guyana, is a visual artist whose work concerns scenography, film and performance with a pronounced interest in new forms of storytelling and imagery at the frontier of reality where plastic works technological artifact, electronic music and digital arts are combined. For several years, Malo has been invited to present his work in various institutions such as the Gamma Festival, St Petersburg, Berliner Festspiele and Ohm, Berlin, Gaité Lyrique, Théâtre du Chatelet, École Estienne, Le Dos en Scène, Paris, Musée Fabre, Montpellier, Stereolux, Nantes, Dutch nationale Opera &amp; Ballet, De Brake Grond, Amsterdam, Metropolitan Pavilion, New York, Orangerie du Parc la tête d’Or, Mirage festival, Nuits Sonores à Lyon and MMOMA, Moscow for the Now&amp;After video art festival and Videofromres festival in Clermont-Ferrand. </em> <em>In 2019, Malo won a bronze medal at the Shenzhen Design Week in China for the Porte Nef project, a collaboration between architect Maxime Aumon and composer In Aeternam Vale. More recently, his video work has been included for the show La Horde de Contre-vent, adapted from the novel by Alain Damasio’s with Nicolas Boudier and Philippe Gordianni in co-production with TNG Lyon. In 2024, his film Celui qui voulait croire au Bison was awarded International competition at Videoformes festival.</em></p>



<p><a href="http://www.malolacroix.fr/#bison" target="_blank" rel="noreferrer noopener">Website</a></p>



<p>&nbsp;</p>
