{"id":14791,"date":"2025-07-25T02:48:00","date_gmt":"2025-07-25T01:48:00","guid":{"rendered":"https:\/\/www.instantsvideo.com\/blog\/video\/couto-mixto\/"},"modified":"2025-08-06T22:01:05","modified_gmt":"2025-08-06T21:01:05","slug":"couto-mixto","status":"publish","type":"portfolio","link":"https:\/\/www.instantsvideo.com\/blog\/video\/couto-mixto\/","title":{"rendered":"Couto Mixto"},"content":{"rendered":"\n<p>Ruben pr\u00e9sente \u00e0 Clara le Couto Mixto, autrefois un \u00c9tat ind\u00e9pendant d&rsquo;identit\u00e9 hybride galicienne et portugaise. C&rsquo;est l\u00e0 que Sara, la s\u0153ur de Clara, a connu un moment de paix rare avant sa mort. Cent cinquante ans apr\u00e8s sa disparition, les habitants c\u00e9l\u00e8brent toujours le vieil \u00c9tat et son hymne chante la gloire d&rsquo;\u00ab un morceau de terre sem\u00e9 d&rsquo;espoir, une ent\u00e9l\u00e9chie libertaire \u00bb. Ruben et Clara tentent de s&rsquo;immerger dans sa mystique, de ressentir son r\u00e9confort et de rechercher les \u00e9chos du pass\u00e9.<\/p>\n\n\n\n<p><em>Ruben introduces Clara to Couto Mixto, once an independent state of Galician and Portuguese hybrid identity. It was there where Sara, Clara\u2019s sister, had a moment of rare peace before she died. A hundred and fifty years after its extinction, the locals still celebrate the old state and its anthem sings the glory of \u201ca whole piece of land sown in hope, a libertarian entelechy\u201d. Ruben and Clara try to dive into its mystique, feel its comfort, and search for the echoes of the past.<\/em><\/p>\n\n\n\n<figure class=\"wp-block-image size-large\"><img decoding=\"async\" src=\"https:\/\/filmfreeway-production-storage-01-connector.filmfreeway.com\/press_kits\/posters\/002\/573\/681\/original\/66a1d22709-poster.jpg?1702466485\" alt=\"\"\/><\/figure>\n\n\n\n<figure class=\"wp-block-image size-large\"><img decoding=\"async\" src=\"https:\/\/filmfreeway-production-storage-01-connector.filmfreeway.com\/attachments\/files\/007\/760\/284\/original\/Captura_de_tela_2023-11-11_21.10.28.jpg?1701988469\" alt=\"\"\/><\/figure>\n\n\n\n<figure class=\"wp-block-image size-large\"><img decoding=\"async\" src=\"https:\/\/filmfreeway-production-storage-01-connector.filmfreeway.com\/attachments\/files\/007\/780\/921\/original\/Captura_de_tela_2023-11-11_20.01.21.jpg?1702679638\" alt=\"\"\/><\/figure>\n\n\n\n<p><\/p>\n\n\n\n<figure class=\"wp-block-image size-large is-resized\"><img decoding=\"async\" src=\"https:\/\/filmfreeway-production-storage-01-connector.filmfreeway.com\/press_kits\/headshots\/002\/573\/681\/original\/bc64f59bdf-headshot.jpg?1701874176\" alt=\"\" style=\"aspect-ratio:1;object-fit:cover;width:200px\"\/><\/figure>\n\n\n\n<p><\/p>\n\n\n\n<p>Le premier long m\u00e9trage de <strong>Jo\u00e3o<\/strong> <strong>Gomes<\/strong> \u00ab\u00a0Nat\u00e1lia, A Diva Tragic\u00f3mica\u00a0\u00bb (2011) est un documentaire produit pour la RTP2 (cha\u00eene de t\u00e9l\u00e9vision culturelle publique), o\u00f9 tous ses films ont \u00e9t\u00e9 projet\u00e9s (notamment \u00ab\u00a0Est\u00f3rias\u00a0\u00bb et \u00ab\u00a0Tio Carlos 1942-1969\u00a0\u00bb). Jo\u00e3o est dipl\u00f4m\u00e9 en sociologie et cin\u00e9ma et a une ma\u00eetrise en d\u00e9veloppement de projets cin\u00e9matographiques, compl\u00e9t\u00e9e avec mention, \u00e0 l&rsquo;Escola Superior de Teatro e Cinema de Lisboa (ESTC), pour le film \u00ab\u00a0A Noite De Santo Ant\u00f3nio\u00a0\u00bb (Vigo, Blow Up Chicago et bien d&rsquo;autres s\u00e9lections internationales). Il r\u00e9alise actuellement \u00ab\u00a0Filhos de Tuga\u00a0\u00bb, une s\u00e9rie documentaire tourn\u00e9e en Afrique, sur les enfants que les militaires portugais ont laiss\u00e9s derri\u00e8re eux pendant la guerre coloniale. Cette coproduction hispano-portugaise \u00ab\u00a0Couto Mixto\u00a0\u00bb est \u00e9galement son septi\u00e8me film. Il est \u00e9galement critique de cin\u00e9ma, formateur certifi\u00e9 sur divers sujets cin\u00e9matographiques et fondateur et directeur de Cinalfama International. Festival du Film, une r\u00e9f\u00e9rence culturelle ind\u00e9pendante \u00e0 Lisbonne.<\/p>\n\n\n\n<p><em><strong>Jo\u00e3o Gomes<\/strong>&lsquo;s first feature film \u00ab\u00a0Nat\u00e1lia, A Diva Tragic\u00f3mica\u00a0\u00bb (2011) is a documentary produced for RTP2 (public cultural tv channel), where all his films were shown (namely \u00ab\u00a0Est\u00f3rias\u00a0\u00bb and \u00ab\u00a0Tio Carlos 1942-1969\u00bb). Jo\u00e3o has a degree in Sociology and Cinema and a Master&rsquo;s degree in Cinematographic Project Development, completed with honors, at the Escola Superior de Teatro e Cinema de Lisboa (ESTC), for the film \u00ab\u00a0A Noite De Santo Ant\u00f3nio\u00a0\u00bb (Vigo, Blow Up Chicago and many others international selections). He is currently directing \u00ab\u00a0Filhos de Tuga\u00a0\u00bb, a documentary series shot in Africa, about the children that the Portuguese military left behind in the Colonial War. This Portuguese-Spanish co-production \u00ab\u00a0Couto Mixto\u00a0\u00bb is his seventh film. He is also a film critic, a certified trainer on various film topics, and the founder and director of the Cinalfama International Film Festival, an indie cultural reference in Lisbon.<\/em><\/p>\n\n\n\n<p><a href=\"https:\/\/www.facebook.com\/profile.php?id=100067623074775\" target=\"_blank\" rel=\"noreferrer noopener\">facebook<\/a><\/p>\n\n\n\n<p><\/p>\n\n\n\n<p><\/p>\n\n\n\n<p>&nbsp;<\/p>\n","protected":false},"featured_media":15251,"menu_order":0,"template":"","portfolio-category":[532],"portfolio-tag":[],"class_list":["post-14791","portfolio","type-portfolio","status-publish","has-post-thumbnail","hentry","portfolio-category-friche-19-oct-2025-14h"],"_links":{"self":[{"href":"https:\/\/www.instantsvideo.com\/blog\/wp-json\/wp\/v2\/portfolio\/14791","targetHints":{"allow":["GET"]}}],"collection":[{"href":"https:\/\/www.instantsvideo.com\/blog\/wp-json\/wp\/v2\/portfolio"}],"about":[{"href":"https:\/\/www.instantsvideo.com\/blog\/wp-json\/wp\/v2\/types\/portfolio"}],"wp:featuredmedia":[{"embeddable":true,"href":"https:\/\/www.instantsvideo.com\/blog\/wp-json\/wp\/v2\/media\/15251"}],"wp:attachment":[{"href":"https:\/\/www.instantsvideo.com\/blog\/wp-json\/wp\/v2\/media?parent=14791"}],"wp:term":[{"taxonomy":"portfolio-category","embeddable":true,"href":"https:\/\/www.instantsvideo.com\/blog\/wp-json\/wp\/v2\/portfolio-category?post=14791"},{"taxonomy":"portfolio-tag","embeddable":true,"href":"https:\/\/www.instantsvideo.com\/blog\/wp-json\/wp\/v2\/portfolio-tag?post=14791"}],"curies":[{"name":"wp","href":"https:\/\/api.w.org\/{rel}","templated":true}]}}

<p>Ruben présente à Clara le Couto Mixto, autrefois un État indépendant d&rsquo;identité hybride galicienne et portugaise. C&rsquo;est là que Sara, la sœur de Clara, a connu un moment de paix rare avant sa mort. Cent cinquante ans après sa disparition, les habitants célèbrent toujours le vieil État et son hymne chante la gloire d&rsquo;« un morceau de terre semé d&rsquo;espoir, une entéléchie libertaire ». Ruben et Clara tentent de s&rsquo;immerger dans sa mystique, de ressentir son réconfort et de rechercher les échos du passé.</p>



<p><em>Ruben introduces Clara to Couto Mixto, once an independent state of Galician and Portuguese hybrid identity. It was there where Sara, Clara’s sister, had a moment of rare peace before she died. A hundred and fifty years after its extinction, the locals still celebrate the old state and its anthem sings the glory of “a whole piece of land sown in hope, a libertarian entelechy”. Ruben and Clara try to dive into its mystique, feel its comfort, and search for the echoes of the past.</em></p>



<figure class="wp-block-image size-large"><img decoding="async" src="https://filmfreeway-production-storage-01-connector.filmfreeway.com/press_kits/posters/002/573/681/original/66a1d22709-poster.jpg?1702466485" alt=""/></figure>



<figure class="wp-block-image size-large"><img decoding="async" src="https://filmfreeway-production-storage-01-connector.filmfreeway.com/attachments/files/007/760/284/original/Captura_de_tela_2023-11-11_21.10.28.jpg?1701988469" alt=""/></figure>



<figure class="wp-block-image size-large"><img decoding="async" src="https://filmfreeway-production-storage-01-connector.filmfreeway.com/attachments/files/007/780/921/original/Captura_de_tela_2023-11-11_20.01.21.jpg?1702679638" alt=""/></figure>



<p></p>



<figure class="wp-block-image size-large is-resized"><img decoding="async" src="https://filmfreeway-production-storage-01-connector.filmfreeway.com/press_kits/headshots/002/573/681/original/bc64f59bdf-headshot.jpg?1701874176" alt="" style="aspect-ratio:1;object-fit:cover;width:200px"/></figure>



<p></p>



<p>Le premier long métrage de <strong>João</strong> <strong>Gomes</strong> « Natália, A Diva Tragicómica » (2011) est un documentaire produit pour la RTP2 (chaîne de télévision culturelle publique), où tous ses films ont été projetés (notamment « Estórias » et « Tio Carlos 1942-1969 »). João est diplômé en sociologie et cinéma et a une maîtrise en développement de projets cinématographiques, complétée avec mention, à l&rsquo;Escola Superior de Teatro e Cinema de Lisboa (ESTC), pour le film « A Noite De Santo António » (Vigo, Blow Up Chicago et bien d&rsquo;autres sélections internationales). Il réalise actuellement « Filhos de Tuga », une série documentaire tournée en Afrique, sur les enfants que les militaires portugais ont laissés derrière eux pendant la guerre coloniale. Cette coproduction hispano-portugaise « Couto Mixto » est également son septième film. Il est également critique de cinéma, formateur certifié sur divers sujets cinématographiques et fondateur et directeur de Cinalfama International. Festival du Film, une référence culturelle indépendante à Lisbonne.</p>



<p><em><strong>João Gomes</strong>&lsquo;s first feature film « Natália, A Diva Tragicómica » (2011) is a documentary produced for RTP2 (public cultural tv channel), where all his films were shown (namely « Estórias » and « Tio Carlos 1942-1969»). João has a degree in Sociology and Cinema and a Master&rsquo;s degree in Cinematographic Project Development, completed with honors, at the Escola Superior de Teatro e Cinema de Lisboa (ESTC), for the film « A Noite De Santo António » (Vigo, Blow Up Chicago and many others international selections). He is currently directing « Filhos de Tuga », a documentary series shot in Africa, about the children that the Portuguese military left behind in the Colonial War. This Portuguese-Spanish co-production « Couto Mixto » is his seventh film. He is also a film critic, a certified trainer on various film topics, and the founder and director of the Cinalfama International Film Festival, an indie cultural reference in Lisbon.</em></p>



<p><a href="https://www.facebook.com/profile.php?id=100067623074775" target="_blank" rel="noreferrer noopener">facebook</a></p>



<p></p>



<p></p>



<p>&nbsp;</p>
