{"id":14783,"date":"2025-07-25T02:48:00","date_gmt":"2025-07-25T01:48:00","guid":{"rendered":"https:\/\/www.instantsvideo.com\/blog\/video\/flores-flowers\/"},"modified":"2025-08-06T20:26:16","modified_gmt":"2025-08-06T19:26:16","slug":"flores-flowers","status":"publish","type":"portfolio","link":"https:\/\/www.instantsvideo.com\/blog\/video\/flores-flowers\/","title":{"rendered":"Flores (Flowers)"},"content":{"rendered":"\n<p>Une communaut\u00e9 amazonienne n&rsquo;a pas \u00e9t\u00e9 contact\u00e9e pour prendre la d\u00e9cision d&rsquo;un politique br\u00e9silien d&rsquo;extr\u00eame droit de d\u00e9truire ses terres, bas\u00e9e sur l&rsquo;id\u00e9e que les ressources auraient subi le prix \u00e0 cause de la guerre d&rsquo;Ukraine, guerre initi\u00e9e par un pr\u00e9sident totalitaire russe. Un \u00e9cologiste nord-am\u00e9ricain, \u00e0 travers les d\u00e9cisions du gouvernement des Etats-Unis de continuer avec la politique qui augmente le climat mondial, d\u00e9cide de s&rsquo;auto-inmoler pour envoyer un message, inspir\u00e9 par un monje budista d\u00e9barqu\u00e9 de sa patrie des ann\u00e9es \u00e0 l&rsquo;\u00e9tranger, pour s&rsquo;opposer \u00e0 d&rsquo;autres bandos dans la guerre du Vietnam\u2026 estos acontecimientos se retransmis en \u00c9quateur en passant par Youtube sous la mirada du documentaliste, qui, en sortant de l&rsquo;\u00e9cran, se rencontre avec son enfant de 3 ans qui est une merveille avant les fleurs qui naissent dans le jardin. Dans cette crue de r\u00e9alit\u00e9s se trouve une r\u00e9flexion sur l&rsquo;enfance et son innocence dans un monde menac\u00e9 par la cruaut\u00e9 humaine et le changement climatique. Laur\u00e9at du Grand Prix du Jury pour la Comp\u00e9tition Internationale de Courts M\u00e9trages Sheffield DocFest 2024<\/p>\n\n\n\n<p><em>An uncontacted Amazonian community suffers from the decision of an extreme right-wing Brazilian politician to destroy their land, based on the idea that resources have increased in price because of the war in Ukraine, a war initiated by a totalitarian Russian president. An American environmentalist, after the decisions of the US government to continue with policies that will increase global warming, decides to self-inmolate to send a message, inspired by a Buddhist monk uprooted from his homeland years ago, for opposing both sides in the Vietnam War\u2026 these seemingly unconnected but internally dependent events on one another are broadcasted in Ecuador via Youtube under the gaze of the documentary filmmaker, who, when he leaves the screen, meets his 3-year-old son who marvels at the flowers growing in the garden. In this crossing of realities, a reflection on childhood and its innocence in a world threatened by human cruelty and climate change is interwoven. Winner Grand Jury Award for the International Short Film Competition Sheffield DocFest 2024 <\/em><\/p>\n\n\n\n<figure class=\"wp-block-image size-large\"><img decoding=\"async\" src=\"https:\/\/filmfreeway-production-storage-01-connector.filmfreeway.com\/press_kits\/posters\/002\/520\/990\/original\/823f5b6b74-poster.jpg?1715263848\" alt=\"\"\/><\/figure>\n\n\n\n<figure class=\"wp-block-image size-large\"><img decoding=\"async\" src=\"https:\/\/filmfreeway-production-storage-01-connector.filmfreeway.com\/attachments\/files\/007\/588\/772\/original\/5_Flores.jpg?1695859028\" alt=\"\"\/><\/figure>\n\n\n\n<figure class=\"wp-block-image size-large\"><img decoding=\"async\" src=\"https:\/\/filmfreeway-production-storage-01-connector.filmfreeway.com\/attachments\/files\/007\/588\/868\/original\/vlcsnap-2023-09-09-20h58m45s563.jpg?1695863487\" alt=\"\"\/><\/figure>\n\n\n\n<p><\/p>\n\n\n\n<figure class=\"wp-block-image size-large is-resized\"><img decoding=\"async\" src=\"https:\/\/filmfreeway-production-storage-01-connector.filmfreeway.com\/press_kits\/headshots\/002\/520\/990\/original\/9029190f53-headshot.jpg?1695744463\" alt=\"\" style=\"aspect-ratio:1;object-fit:cover;width:200px\"\/><\/figure>\n\n\n\n<p><\/p>\n\n\n\n<p><strong>Jos\u00e9 Cardoso<\/strong>, p\u00e8re de Seyd\u00fa, cin\u00e9aste, illustrateur et graphiste, a r\u00e9alis\u00e9 des films de fiction, d&rsquo;animation et documentaires sur des th\u00e8mes li\u00e9s au surr\u00e9alisme, \u00e0 la conscience et \u00e0 l&rsquo;anticolonialisme. Son court-m\u00e9trage documentaire \u00ab\u00a0What the Soil Remembers\u00a0\u00bb a remport\u00e9 le prix IFFR Ammodo Tiger du court-m\u00e9trage \u00e0 l&rsquo;IFFR de Rotterdam en 2023 et le prix du meilleur court-m\u00e9trage documentaire au Festival international du film de Regina, au Canada. Apr\u00e8s avoir \u00e9t\u00e9 s\u00e9lectionn\u00e9 pour son premier long-m\u00e9trage \u00ab\u00a0Iwianch, The Devil Deer\u00a0\u00bb au 59e Festival du film d&rsquo;Ann Arbor, il a remport\u00e9 le prix Tom Berman du cin\u00e9aste le plus prometteur. Il a travaill\u00e9 pour la BBC, 100 Women, en tant que r\u00e9alisateur du chapitre \u00e9quatorien de la s\u00e9rie\u00a0: The Femicide Detectives.<\/p>\n\n\n\n<p><em><strong>Jos\u00e9 Cardoso<\/strong>, Seyd\u00fa\u2019s father, filmmaker, illustrator and graphic designer; he has developed fiction, animation and documentary films, on themes revolving around surrealism, consciousness and anti-colonialism. His short documentary \u00ab\u00a0What the Soil Remembers\u00a0\u00bb won the IFFR Ammodo Tiger Short Film Award at IFFR Rotterdam 2023 and Best Doc-Short Form at the Regina International Film Festival in Canada. After being selected for his first feature film \u00ab\u00a0Iwianch, The Devil Deer\u00a0\u00bb at the 59th Ann Arbor Film Festival, he won the Tom Berman Award for the most promising filmmaker. He worked for BBC, 100 Women as film director of the chapter in Ecuador of the series: The Femicide Detectives.<\/em><\/p>\n\n\n\n<p><a href=\"https:\/\/jirafica.com\/portfolio\/flores\/\" target=\"_blank\" rel=\"noreferrer noopener\">Website<\/a><\/p>\n\n\n\n<p><\/p>\n\n\n\n<p><\/p>\n\n\n\n<p>&nbsp;<\/p>\n","protected":false},"featured_media":15199,"menu_order":0,"template":"","portfolio-category":[533],"portfolio-tag":[],"class_list":["post-14783","portfolio","type-portfolio","status-publish","has-post-thumbnail","hentry","portfolio-category-friche-18-oct-2025-14h"],"_links":{"self":[{"href":"https:\/\/www.instantsvideo.com\/blog\/wp-json\/wp\/v2\/portfolio\/14783","targetHints":{"allow":["GET"]}}],"collection":[{"href":"https:\/\/www.instantsvideo.com\/blog\/wp-json\/wp\/v2\/portfolio"}],"about":[{"href":"https:\/\/www.instantsvideo.com\/blog\/wp-json\/wp\/v2\/types\/portfolio"}],"wp:featuredmedia":[{"embeddable":true,"href":"https:\/\/www.instantsvideo.com\/blog\/wp-json\/wp\/v2\/media\/15199"}],"wp:attachment":[{"href":"https:\/\/www.instantsvideo.com\/blog\/wp-json\/wp\/v2\/media?parent=14783"}],"wp:term":[{"taxonomy":"portfolio-category","embeddable":true,"href":"https:\/\/www.instantsvideo.com\/blog\/wp-json\/wp\/v2\/portfolio-category?post=14783"},{"taxonomy":"portfolio-tag","embeddable":true,"href":"https:\/\/www.instantsvideo.com\/blog\/wp-json\/wp\/v2\/portfolio-tag?post=14783"}],"curies":[{"name":"wp","href":"https:\/\/api.w.org\/{rel}","templated":true}]}}

<p>Une communauté amazonienne n&rsquo;a pas été contactée pour prendre la décision d&rsquo;un politique brésilien d&rsquo;extrême droit de détruire ses terres, basée sur l&rsquo;idée que les ressources auraient subi le prix à cause de la guerre d&rsquo;Ukraine, guerre initiée par un président totalitaire russe. Un écologiste nord-américain, à travers les décisions du gouvernement des Etats-Unis de continuer avec la politique qui augmente le climat mondial, décide de s&rsquo;auto-inmoler pour envoyer un message, inspiré par un monje budista débarqué de sa patrie des années à l&rsquo;étranger, pour s&rsquo;opposer à d&rsquo;autres bandos dans la guerre du Vietnam… estos acontecimientos se retransmis en Équateur en passant par Youtube sous la mirada du documentaliste, qui, en sortant de l&rsquo;écran, se rencontre avec son enfant de 3 ans qui est une merveille avant les fleurs qui naissent dans le jardin. Dans cette crue de réalités se trouve une réflexion sur l&rsquo;enfance et son innocence dans un monde menacé par la cruauté humaine et le changement climatique. Lauréat du Grand Prix du Jury pour la Compétition Internationale de Courts Métrages Sheffield DocFest 2024</p>



<p><em>An uncontacted Amazonian community suffers from the decision of an extreme right-wing Brazilian politician to destroy their land, based on the idea that resources have increased in price because of the war in Ukraine, a war initiated by a totalitarian Russian president. An American environmentalist, after the decisions of the US government to continue with policies that will increase global warming, decides to self-inmolate to send a message, inspired by a Buddhist monk uprooted from his homeland years ago, for opposing both sides in the Vietnam War… these seemingly unconnected but internally dependent events on one another are broadcasted in Ecuador via Youtube under the gaze of the documentary filmmaker, who, when he leaves the screen, meets his 3-year-old son who marvels at the flowers growing in the garden. In this crossing of realities, a reflection on childhood and its innocence in a world threatened by human cruelty and climate change is interwoven. Winner Grand Jury Award for the International Short Film Competition Sheffield DocFest 2024 </em></p>



<figure class="wp-block-image size-large"><img decoding="async" src="https://filmfreeway-production-storage-01-connector.filmfreeway.com/press_kits/posters/002/520/990/original/823f5b6b74-poster.jpg?1715263848" alt=""/></figure>



<figure class="wp-block-image size-large"><img decoding="async" src="https://filmfreeway-production-storage-01-connector.filmfreeway.com/attachments/files/007/588/772/original/5_Flores.jpg?1695859028" alt=""/></figure>



<figure class="wp-block-image size-large"><img decoding="async" src="https://filmfreeway-production-storage-01-connector.filmfreeway.com/attachments/files/007/588/868/original/vlcsnap-2023-09-09-20h58m45s563.jpg?1695863487" alt=""/></figure>



<p></p>



<figure class="wp-block-image size-large is-resized"><img decoding="async" src="https://filmfreeway-production-storage-01-connector.filmfreeway.com/press_kits/headshots/002/520/990/original/9029190f53-headshot.jpg?1695744463" alt="" style="aspect-ratio:1;object-fit:cover;width:200px"/></figure>



<p></p>



<p><strong>José Cardoso</strong>, père de Seydú, cinéaste, illustrateur et graphiste, a réalisé des films de fiction, d&rsquo;animation et documentaires sur des thèmes liés au surréalisme, à la conscience et à l&rsquo;anticolonialisme. Son court-métrage documentaire « What the Soil Remembers » a remporté le prix IFFR Ammodo Tiger du court-métrage à l&rsquo;IFFR de Rotterdam en 2023 et le prix du meilleur court-métrage documentaire au Festival international du film de Regina, au Canada. Après avoir été sélectionné pour son premier long-métrage « Iwianch, The Devil Deer » au 59e Festival du film d&rsquo;Ann Arbor, il a remporté le prix Tom Berman du cinéaste le plus prometteur. Il a travaillé pour la BBC, 100 Women, en tant que réalisateur du chapitre équatorien de la série : The Femicide Detectives.</p>



<p><em><strong>José Cardoso</strong>, Seydú’s father, filmmaker, illustrator and graphic designer; he has developed fiction, animation and documentary films, on themes revolving around surrealism, consciousness and anti-colonialism. His short documentary « What the Soil Remembers » won the IFFR Ammodo Tiger Short Film Award at IFFR Rotterdam 2023 and Best Doc-Short Form at the Regina International Film Festival in Canada. After being selected for his first feature film « Iwianch, The Devil Deer » at the 59th Ann Arbor Film Festival, he won the Tom Berman Award for the most promising filmmaker. He worked for BBC, 100 Women as film director of the chapter in Ecuador of the series: The Femicide Detectives.</em></p>



<p><a href="https://jirafica.com/portfolio/flores/" target="_blank" rel="noreferrer noopener">Website</a></p>



<p></p>



<p></p>



<p>&nbsp;</p>
