{"id":14782,"date":"2025-07-25T10:47:00","date_gmt":"2025-07-25T09:47:00","guid":{"rendered":"https:\/\/www.instantsvideo.com\/blog\/video\/monte-kali\/"},"modified":"2025-08-06T19:08:17","modified_gmt":"2025-08-06T18:08:17","slug":"monte-kali","status":"publish","type":"portfolio","link":"https:\/\/www.instantsvideo.com\/blog\/video\/monte-kali\/","title":{"rendered":"Monte Kali"},"content":{"rendered":"\n<p>Apr\u00e8s l&rsquo;effondrement soudain du noyau de Monte Kali, les mineurs sont engloutis par les t\u00e9n\u00e8bres. Pi\u00e9g\u00e9s dans le silence des profondeurs de la terre, ils commencent \u00e0 se souvenir. L&rsquo;un d&rsquo;eux est hant\u00e9 par des images bien au-del\u00e0 de ce que la pri\u00e8re peut apaiser.<\/p>\n\n\n\n<p><em>After the sudden collapse of Monte Kali\u2019s core, the miners are swallowed by darkness. Trapped in the silence of the deep earth, they start to remember. One of them is haunted by images far beyond what any prayer can reconcile.<\/em><\/p>\n\n\n\n<figure class=\"wp-block-embed is-type-video is-provider-vimeo wp-block-embed-vimeo wp-embed-aspect-16-9 wp-has-aspect-ratio\"><div class=\"wp-block-embed__wrapper\">\n<iframe loading=\"lazy\" title=\"Monte Kali - TRAILER\" src=\"https:\/\/player.vimeo.com\/video\/823401492?dnt=1&amp;app_id=122963\" width=\"640\" height=\"360\" frameborder=\"0\" allow=\"autoplay; fullscreen; picture-in-picture; clipboard-write; encrypted-media; web-share\" referrerpolicy=\"strict-origin-when-cross-origin\"><\/iframe>\n<\/div><\/figure>\n\n\n\n<p><\/p>\n\n\n\n<figure class=\"wp-block-image size-large\"><img decoding=\"async\" src=\"https:\/\/filmfreeway-production-storage-01-connector.filmfreeway.com\/press_kits\/posters\/002\/118\/742\/original\/2039bdd108-poster.jpg?1693515441\" alt=\"\"\/><\/figure>\n\n\n\n<p><\/p>\n\n\n\n<figure class=\"wp-block-image size-large is-resized\"><img decoding=\"async\" src=\"https:\/\/filmfreeway-production-storage-01-connector.filmfreeway.com\/press_kits\/headshots\/002\/118\/742\/original\/d656b5356d-headshot.jpg?1656505228\" alt=\"\" style=\"aspect-ratio:1;object-fit:cover;width:200px\"\/><\/figure>\n\n\n\n<p><\/p>\n\n\n\n<p><strong>Jozefien Van der Aelst<\/strong> est une r\u00e9alisatrice et sc\u00e9nariste travaillant \u00e0 Berlin et \u00e0 Anvers. Dans ses univers hybrides, souvent au bord de l&rsquo;effondrement, elle explore la relation entre l&rsquo;homme et la nature, abordant des th\u00e8mes tels que l&rsquo;\u00e9mergence, la narrativit\u00e9 spatiale, la cartographie, les traditions populaires, le paysage, la religion populaire, les catastrophes et l&rsquo;\u00e9cologie. Titulaire d&rsquo;une ma\u00eetrise en philosophie et d&rsquo;une licence en th\u00e9\u00e2tre, cin\u00e9ma et litt\u00e9rature, elle a ensuite int\u00e9gr\u00e9 l&rsquo;Acad\u00e9mie allemande du cin\u00e9ma et de la t\u00e9l\u00e9vision (DFFB) de Berlin en tant que r\u00e9alisatrice.<\/p>\n\n\n\n<p><em><strong>Jozefien Van der Aelst<\/strong> is a film director and writer working in Berlin and Antwerp. In her hybrid worlds, often on the brink of collapse, she explores the relationship between humans and nature, encompassing themes such as emergence, spatial narrativity, cartography, folk traditions, landscape, grassroots religion, catastrophe, and ecology. She holds an MA in Philosophy and a BA in Theatre, Film &amp; Literature Studies, and later enrolled at the German Film and Television Academy (DFFB) in Berlin as a film director.<\/em><\/p>\n\n\n\n<p><a href=\"https:\/\/jozefienvanderaelst.com\" target=\"_blank\" rel=\"noreferrer noopener\">website<\/a><\/p>\n\n\n\n<p><\/p>\n\n\n\n<p><\/p>\n\n\n\n<p>&nbsp;<\/p>\n","protected":false},"featured_media":15164,"menu_order":0,"template":"","portfolio-category":[529],"portfolio-tag":[],"class_list":["post-14782","portfolio","type-portfolio","status-publish","has-post-thumbnail","hentry","portfolio-category-expo-friche-17-oct-2025-11-jan-2026"],"_links":{"self":[{"href":"https:\/\/www.instantsvideo.com\/blog\/wp-json\/wp\/v2\/portfolio\/14782","targetHints":{"allow":["GET"]}}],"collection":[{"href":"https:\/\/www.instantsvideo.com\/blog\/wp-json\/wp\/v2\/portfolio"}],"about":[{"href":"https:\/\/www.instantsvideo.com\/blog\/wp-json\/wp\/v2\/types\/portfolio"}],"wp:featuredmedia":[{"embeddable":true,"href":"https:\/\/www.instantsvideo.com\/blog\/wp-json\/wp\/v2\/media\/15164"}],"wp:attachment":[{"href":"https:\/\/www.instantsvideo.com\/blog\/wp-json\/wp\/v2\/media?parent=14782"}],"wp:term":[{"taxonomy":"portfolio-category","embeddable":true,"href":"https:\/\/www.instantsvideo.com\/blog\/wp-json\/wp\/v2\/portfolio-category?post=14782"},{"taxonomy":"portfolio-tag","embeddable":true,"href":"https:\/\/www.instantsvideo.com\/blog\/wp-json\/wp\/v2\/portfolio-tag?post=14782"}],"curies":[{"name":"wp","href":"https:\/\/api.w.org\/{rel}","templated":true}]}}

<p>Après l&rsquo;effondrement soudain du noyau de Monte Kali, les mineurs sont engloutis par les ténèbres. Piégés dans le silence des profondeurs de la terre, ils commencent à se souvenir. L&rsquo;un d&rsquo;eux est hanté par des images bien au-delà de ce que la prière peut apaiser.</p>



<p><em>After the sudden collapse of Monte Kali’s core, the miners are swallowed by darkness. Trapped in the silence of the deep earth, they start to remember. One of them is haunted by images far beyond what any prayer can reconcile.</em></p>



<figure class="wp-block-embed is-type-video is-provider-vimeo wp-block-embed-vimeo wp-embed-aspect-16-9 wp-has-aspect-ratio"><div class="wp-block-embed__wrapper">
<iframe loading="lazy" title="Monte Kali - TRAILER" src="https://player.vimeo.com/video/823401492?dnt=1&amp;app_id=122963" width="640" height="360" frameborder="0" allow="autoplay; fullscreen; picture-in-picture; clipboard-write; encrypted-media; web-share" referrerpolicy="strict-origin-when-cross-origin"></iframe>
</div></figure>



<p></p>



<figure class="wp-block-image size-large"><img decoding="async" src="https://filmfreeway-production-storage-01-connector.filmfreeway.com/press_kits/posters/002/118/742/original/2039bdd108-poster.jpg?1693515441" alt=""/></figure>



<p></p>



<figure class="wp-block-image size-large is-resized"><img decoding="async" src="https://filmfreeway-production-storage-01-connector.filmfreeway.com/press_kits/headshots/002/118/742/original/d656b5356d-headshot.jpg?1656505228" alt="" style="aspect-ratio:1;object-fit:cover;width:200px"/></figure>



<p></p>



<p><strong>Jozefien Van der Aelst</strong> est une réalisatrice et scénariste travaillant à Berlin et à Anvers. Dans ses univers hybrides, souvent au bord de l&rsquo;effondrement, elle explore la relation entre l&rsquo;homme et la nature, abordant des thèmes tels que l&rsquo;émergence, la narrativité spatiale, la cartographie, les traditions populaires, le paysage, la religion populaire, les catastrophes et l&rsquo;écologie. Titulaire d&rsquo;une maîtrise en philosophie et d&rsquo;une licence en théâtre, cinéma et littérature, elle a ensuite intégré l&rsquo;Académie allemande du cinéma et de la télévision (DFFB) de Berlin en tant que réalisatrice.</p>



<p><em><strong>Jozefien Van der Aelst</strong> is a film director and writer working in Berlin and Antwerp. In her hybrid worlds, often on the brink of collapse, she explores the relationship between humans and nature, encompassing themes such as emergence, spatial narrativity, cartography, folk traditions, landscape, grassroots religion, catastrophe, and ecology. She holds an MA in Philosophy and a BA in Theatre, Film &amp; Literature Studies, and later enrolled at the German Film and Television Academy (DFFB) in Berlin as a film director.</em></p>



<p><a href="https://jozefienvanderaelst.com" target="_blank" rel="noreferrer noopener">website</a></p>



<p></p>



<p></p>



<p>&nbsp;</p>
