{"id":14770,"date":"2025-07-25T01:47:00","date_gmt":"2025-07-25T00:47:00","guid":{"rendered":"https:\/\/www.instantsvideo.com\/blog\/video\/opaque-sirens-of-sao-paulo\/"},"modified":"2025-08-06T18:33:53","modified_gmt":"2025-08-06T17:33:53","slug":"opaque-sirens-of-sao-paulo","status":"publish","type":"portfolio","link":"https:\/\/www.instantsvideo.com\/blog\/video\/opaque-sirens-of-sao-paulo\/","title":{"rendered":"Opaque Sirens of S\u00e3o Paulo"},"content":{"rendered":"\n<p>Dans <em>Opaque Sirens of S\u00e3o Paulo<\/em>, la tension entre la ville, b\u00e9ton anonyme occupant l&rsquo;espace, et le monde, exp\u00e9rience accumul\u00e9e dans le corps, transpara\u00eet. Mais la ville est aussi le monde et l&rsquo;espace est aussi le corps, chacun portant l&rsquo;anatomie de souvenirs opaques. L&rsquo;immensit\u00e9 des b\u00e2timents face \u00e0 l&rsquo;\u00e9chelle humaine est opaque \u00e0 la recherche de refuges face \u00e0 l&rsquo;imposante verticalit\u00e9. Le geste, d\u00e9tail du corps qui parle, est opaque au bruit de l&rsquo;ab\u00eeme urbain. Le suspense inerte qui gratte le ciel est opaque aux exp\u00e9riences qui se transfigurent dans la qu\u00eate de soi. Et cette tension ne s&rsquo;accro\u00eet ni ne diminue, elle est constante et soutient le mouvement quotidien, et son absence, dans les rues de S\u00e3o Paulo. <\/p>\n\n\n\n<p><em>In <\/em>Opaque Sirens of S\u00e3o Paulo<em> wells the tension between the city as anonymous concrete that occupies the space, and the world as experience accumulated in the body. But the city is also the world and the space is also the body, and each one carries the anatomy of opaque memories. The magnitude of the buildings vis-\u00e0-vis the passing human scale is opaque to the search for safe places before the imposing verticality. The gesture as a detail of the body that speaks is opaque to the noise of the urban abyss. The inert suspense that scratches the skies is opaque to the experiences that transfigure themselves in self-search. And this tension neither increases nor decreases, it is constant and what sustains the daily movement, and the absence of it, in the streets of S\u00e3o Paulo. <\/em><\/p>\n\n\n\n<p><strong>Lubanzadyo Mpemba<\/strong>, n\u00e9 en Angola en 1989, est un artiste dont le travail couvre un ensemble de pratiques allant de l&rsquo;art vid\u00e9o \u00e0 la photoperformance, en passant par la performance et le documentaire. Son travail se concentre sur les questions de migration, de gentrification urbaine, de violence institutionnelle et de m\u00e9moire collective.<\/p>\n\n\n\n<p><em><strong>Lubanzadyo Mpemba<\/strong>, n\u00e9 en Angola en 1989, est un artiste dont le travail couvre un ensemble de pratiques allant de l&rsquo;art vid\u00e9o \u00e0 la la photoperformance, en passant par la performance et le documentaire. Son travail se concentre sur les questions de migration, de gentrification urbaine, de violence institutionnelle et de m\u00e9moire collective.<\/em><\/p>\n\n\n\n<p><a href=\"https:\/\/www.instagram.com\/lubanzadyo\" target=\"_blank\" rel=\"noreferrer noopener\">instagram<\/a><\/p>\n\n\n\n<p><\/p>\n\n\n\n<p><\/p>\n\n\n\n<p>&nbsp;<\/p>\n","protected":false},"featured_media":15143,"menu_order":0,"template":"","portfolio-category":[527],"portfolio-tag":[],"class_list":["post-14770","portfolio","type-portfolio","status-publish","has-post-thumbnail","hentry","portfolio-category-friche-17-oct-2025-15h"],"_links":{"self":[{"href":"https:\/\/www.instantsvideo.com\/blog\/wp-json\/wp\/v2\/portfolio\/14770","targetHints":{"allow":["GET"]}}],"collection":[{"href":"https:\/\/www.instantsvideo.com\/blog\/wp-json\/wp\/v2\/portfolio"}],"about":[{"href":"https:\/\/www.instantsvideo.com\/blog\/wp-json\/wp\/v2\/types\/portfolio"}],"wp:featuredmedia":[{"embeddable":true,"href":"https:\/\/www.instantsvideo.com\/blog\/wp-json\/wp\/v2\/media\/15143"}],"wp:attachment":[{"href":"https:\/\/www.instantsvideo.com\/blog\/wp-json\/wp\/v2\/media?parent=14770"}],"wp:term":[{"taxonomy":"portfolio-category","embeddable":true,"href":"https:\/\/www.instantsvideo.com\/blog\/wp-json\/wp\/v2\/portfolio-category?post=14770"},{"taxonomy":"portfolio-tag","embeddable":true,"href":"https:\/\/www.instantsvideo.com\/blog\/wp-json\/wp\/v2\/portfolio-tag?post=14770"}],"curies":[{"name":"wp","href":"https:\/\/api.w.org\/{rel}","templated":true}]}}

Opaque Sirens of São Paulo

<p>Dans <em>Opaque Sirens of São Paulo</em>, la tension entre la ville, béton anonyme occupant l&rsquo;espace, et le monde, expérience accumulée dans le corps, transparaît. Mais la ville est aussi le monde et l&rsquo;espace est aussi le corps, chacun portant l&rsquo;anatomie de souvenirs opaques. L&rsquo;immensité des bâtiments face à l&rsquo;échelle humaine est opaque à la recherche de refuges face à l&rsquo;imposante verticalité. Le geste, détail du corps qui parle, est opaque au bruit de l&rsquo;abîme urbain. Le suspense inerte qui gratte le ciel est opaque aux expériences qui se transfigurent dans la quête de soi. Et cette tension ne s&rsquo;accroît ni ne diminue, elle est constante et soutient le mouvement quotidien, et son absence, dans les rues de São Paulo. </p>



<p><em>In </em>Opaque Sirens of São Paulo<em> wells the tension between the city as anonymous concrete that occupies the space, and the world as experience accumulated in the body. But the city is also the world and the space is also the body, and each one carries the anatomy of opaque memories. The magnitude of the buildings vis-à-vis the passing human scale is opaque to the search for safe places before the imposing verticality. The gesture as a detail of the body that speaks is opaque to the noise of the urban abyss. The inert suspense that scratches the skies is opaque to the experiences that transfigure themselves in self-search. And this tension neither increases nor decreases, it is constant and what sustains the daily movement, and the absence of it, in the streets of São Paulo. </em></p>



<p><strong>Lubanzadyo Mpemba</strong>, né en Angola en 1989, est un artiste dont le travail couvre un ensemble de pratiques allant de l&rsquo;art vidéo à la photoperformance, en passant par la performance et le documentaire. Son travail se concentre sur les questions de migration, de gentrification urbaine, de violence institutionnelle et de mémoire collective.</p>



<p><em><strong>Lubanzadyo Mpemba</strong>, né en Angola en 1989, est un artiste dont le travail couvre un ensemble de pratiques allant de l&rsquo;art vidéo à la la photoperformance, en passant par la performance et le documentaire. Son travail se concentre sur les questions de migration, de gentrification urbaine, de violence institutionnelle et de mémoire collective.</em></p>



<p><a href="https://www.instagram.com/lubanzadyo" target="_blank" rel="noreferrer noopener">instagram</a></p>



<p></p>



<p></p>



<p>&nbsp;</p>
