{"id":14048,"date":"2024-09-21T07:17:26","date_gmt":"2024-09-21T06:17:26","guid":{"rendered":"https:\/\/www.instantsvideo.com\/blog\/?post_type=portfolio&#038;p=14048"},"modified":"2024-09-21T07:19:11","modified_gmt":"2024-09-21T06:19:11","slug":"sorrow","status":"publish","type":"portfolio","link":"https:\/\/www.instantsvideo.com\/blog\/video\/sorrow\/","title":{"rendered":"Sorrow"},"content":{"rendered":"\n<p>L&rsquo;\u0153uvre consiste en un glitch vid\u00e9o qui montre un corps d\u00e9form\u00e9 effectuant des mouvements dramatiques. Le projet remet en question l&rsquo;id\u00e9e d&rsquo;identit\u00e9 et d&rsquo;identification \u00e0 son propre corps, en montrant une disjonction au niveau de la repr\u00e9sentation. L&rsquo;\u0153uvre est une m\u00e9taphore qui repr\u00e9sente la violence exerc\u00e9e sur un corps dissident. La vid\u00e9o s&rsquo;inscrit dans le champ de l&rsquo;autoportrait puisque le corps repr\u00e9sent\u00e9 est celui de l&rsquo;artiste. \u00a0<\/p>\n\n\n\n<p><em>The project questions the idea of identity and identification with one&rsquo;s own body, showing a disjuncture when it comes to representation. The work is a metaphor that represents the violence exerted on a dissident body. The video is collected within the field of self-portrait since the body represented is the artist&rsquo;s own body.\u00a0<\/em><\/p>\n\n\n\n<p><\/p>\n\n\n\n<figure class=\"wp-block-image size-large is-resized\"><img decoding=\"async\" src=\"https:\/\/filmfreeway-production-storage-01-storage.filmfreeway.com\/press_kits\/headshots\/002\/250\/394\/original\/e515e3f1d4-headshot.jpg?1673465080\" alt=\"\" style=\"aspect-ratio:1;object-fit:cover;width:200px\"\/><\/figure>\n\n\n\n<p><\/p>\n\n\n\n<p><strong>Fran Orallo<\/strong> (Badajoz, Espagne 1979). Il vit et travaille \u00e0 Glasgow, en \u00c9cosse. Il a \u00e9tudi\u00e9 l&rsquo;art \u00e0 l&rsquo;UPV, \u00e0 Valence, en Espagne, et \u00e9tudie actuellement l&rsquo;art des nouveaux m\u00e9dias au City of Glasgow College, \u00e0 Glasgow, en \u00c9cosse. Son travail se concentre sur l&rsquo;exp\u00e9rimentation de la vid\u00e9o et de l&rsquo;animation. \u00c0 travers la relation entre image et identit\u00e9. Il a expos\u00e9 son travail en Espagne et \u00e0 l&rsquo;\u00e9tranger, participant \u00e0 des biennales, des expositions collectives et des festivals dans plus de 40 pays. Son travail a \u00e9t\u00e9 projet\u00e9 dans des institutions publiques et priv\u00e9es telles que IVAN (Valence, Espagne), Vostell Malpartida Museum (C\u00e1ceres, Espagne), MAC-Mus\u00e9e d&rsquo;art contemporain de Santiago du Chili (Chili), La Neomudejar (Madrid Espagne), Centro del Carmen (Valence, Espagne), Ex Teresa Arte Actual (Mexico, Mexique), Mus\u00e9e national des beaux-arts kirghizes (Bichkek. Kirghizistan), des biennales telles que The Wrong Biennale (Copenhague, Danemark), VI SIART International Art Biennial (Bolivie ), et dans des foires et festivals tels que arteBA&rsquo;10 (Buenos Aires, Argentine), Under The Subway Video Art Night (New York), FILE (Br\u00e9sil), Madatac (Madrid, Espagne) ou FIVA (Argentine) entre autres.<\/p>\n\n\n\n<p><em><strong>Fran Orallo<\/strong> (Badajoz, Spain 1979). He lives and works in Glasgow, Scotland. He studied art at UPV, Valencia, Spain, and currently, he is studying New Media Art at City of Glasgow College, Glasgow, Scotland. His work focuses on experimentation with video and animation. Through the relationship between image and identity. He has exhibited his work both in Spain and abroad, participating in biennials, collective exhibitions, and festivals in more than 40 countries. His work has been screened in public and private institutions such as IVAN (Valencia, Spain), Vostell Malpartida Museum (C\u00e1ceres, Spain), MAC- Museum of Contemporary Art of Santiago de Chile (Chile), La Neomudejar (Madrid Spain), Centro del Carmen (Valencia, Spain), Ex Teresa Arte Actual (Mexico City, Mexico), Kyrgyz National Fine Arts Museum (Bishkek. Kirghizistan), biennials such as The Wrong Biennale, (Copenhagen, Denmark), VI SIART International Art Biennial (Bolivia), and in fairs and festivals such as arteBA&rsquo;10 (Buenos Aires, Argentina), Under The Subway Video Art Night (New York), FILE (Brazil), Madatac (Madrid, Spain) or FIVA (Argentina) among others.<\/em><\/p>\n","protected":false},"featured_media":14049,"menu_order":0,"template":"","portfolio-category":[497],"portfolio-tag":[],"class_list":["post-14048","portfolio","type-portfolio","status-publish","has-post-thumbnail","hentry","portfolio-category-friche-sin-20-oct-2024-prog2"],"_links":{"self":[{"href":"https:\/\/www.instantsvideo.com\/blog\/wp-json\/wp\/v2\/portfolio\/14048","targetHints":{"allow":["GET"]}}],"collection":[{"href":"https:\/\/www.instantsvideo.com\/blog\/wp-json\/wp\/v2\/portfolio"}],"about":[{"href":"https:\/\/www.instantsvideo.com\/blog\/wp-json\/wp\/v2\/types\/portfolio"}],"wp:featuredmedia":[{"embeddable":true,"href":"https:\/\/www.instantsvideo.com\/blog\/wp-json\/wp\/v2\/media\/14049"}],"wp:attachment":[{"href":"https:\/\/www.instantsvideo.com\/blog\/wp-json\/wp\/v2\/media?parent=14048"}],"wp:term":[{"taxonomy":"portfolio-category","embeddable":true,"href":"https:\/\/www.instantsvideo.com\/blog\/wp-json\/wp\/v2\/portfolio-category?post=14048"},{"taxonomy":"portfolio-tag","embeddable":true,"href":"https:\/\/www.instantsvideo.com\/blog\/wp-json\/wp\/v2\/portfolio-tag?post=14048"}],"curies":[{"name":"wp","href":"https:\/\/api.w.org\/{rel}","templated":true}]}}

<p>L&rsquo;œuvre consiste en un glitch vidéo qui montre un corps déformé effectuant des mouvements dramatiques. Le projet remet en question l&rsquo;idée d&rsquo;identité et d&rsquo;identification à son propre corps, en montrant une disjonction au niveau de la représentation. L&rsquo;œuvre est une métaphore qui représente la violence exercée sur un corps dissident. La vidéo s&rsquo;inscrit dans le champ de l&rsquo;autoportrait puisque le corps représenté est celui de l&rsquo;artiste.  </p>



<p><em>The project questions the idea of identity and identification with one&rsquo;s own body, showing a disjuncture when it comes to representation. The work is a metaphor that represents the violence exerted on a dissident body. The video is collected within the field of self-portrait since the body represented is the artist&rsquo;s own body. </em></p>



<p></p>



<figure class="wp-block-image size-large is-resized"><img decoding="async" src="https://filmfreeway-production-storage-01-storage.filmfreeway.com/press_kits/headshots/002/250/394/original/e515e3f1d4-headshot.jpg?1673465080" alt="" style="aspect-ratio:1;object-fit:cover;width:200px"/></figure>



<p></p>



<p><strong>Fran Orallo</strong> (Badajoz, Espagne 1979). Il vit et travaille à Glasgow, en Écosse. Il a étudié l&rsquo;art à l&rsquo;UPV, à Valence, en Espagne, et étudie actuellement l&rsquo;art des nouveaux médias au City of Glasgow College, à Glasgow, en Écosse. Son travail se concentre sur l&rsquo;expérimentation de la vidéo et de l&rsquo;animation. À travers la relation entre image et identité. Il a exposé son travail en Espagne et à l&rsquo;étranger, participant à des biennales, des expositions collectives et des festivals dans plus de 40 pays. Son travail a été projeté dans des institutions publiques et privées telles que IVAN (Valence, Espagne), Vostell Malpartida Museum (Cáceres, Espagne), MAC-Musée d&rsquo;art contemporain de Santiago du Chili (Chili), La Neomudejar (Madrid Espagne), Centro del Carmen (Valence, Espagne), Ex Teresa Arte Actual (Mexico, Mexique), Musée national des beaux-arts kirghizes (Bichkek. Kirghizistan), des biennales telles que The Wrong Biennale (Copenhague, Danemark), VI SIART International Art Biennial (Bolivie ), et dans des foires et festivals tels que arteBA&rsquo;10 (Buenos Aires, Argentine), Under The Subway Video Art Night (New York), FILE (Brésil), Madatac (Madrid, Espagne) ou FIVA (Argentine) entre autres.</p>



<p><em><strong>Fran Orallo</strong> (Badajoz, Spain 1979). He lives and works in Glasgow, Scotland. He studied art at UPV, Valencia, Spain, and currently, he is studying New Media Art at City of Glasgow College, Glasgow, Scotland. His work focuses on experimentation with video and animation. Through the relationship between image and identity. He has exhibited his work both in Spain and abroad, participating in biennials, collective exhibitions, and festivals in more than 40 countries. His work has been screened in public and private institutions such as IVAN (Valencia, Spain), Vostell Malpartida Museum (Cáceres, Spain), MAC- Museum of Contemporary Art of Santiago de Chile (Chile), La Neomudejar (Madrid Spain), Centro del Carmen (Valencia, Spain), Ex Teresa Arte Actual (Mexico City, Mexico), Kyrgyz National Fine Arts Museum (Bishkek. Kirghizistan), biennials such as The Wrong Biennale, (Copenhagen, Denmark), VI SIART International Art Biennial (Bolivia), and in fairs and festivals such as arteBA&rsquo;10 (Buenos Aires, Argentina), Under The Subway Video Art Night (New York), FILE (Brazil), Madatac (Madrid, Spain) or FIVA (Argentina) among others.</em></p>
