{"id":14022,"date":"2024-09-20T18:24:58","date_gmt":"2024-09-20T17:24:58","guid":{"rendered":"https:\/\/www.instantsvideo.com\/blog\/?post_type=portfolio&#038;p=14022"},"modified":"2024-09-20T18:24:59","modified_gmt":"2024-09-20T17:24:59","slug":"behind-the-horizon","status":"publish","type":"portfolio","link":"https:\/\/www.instantsvideo.com\/blog\/video\/behind-the-horizon\/","title":{"rendered":"Behind the Horizon"},"content":{"rendered":"\n<p>L&rsquo;image vid\u00e9o montre une vue de l&rsquo;horizon depuis la promenade de Limassol. Cette sc\u00e8ne apparemment magnifique ne r\u00e9v\u00e8le pas ce qui se cache derri\u00e8re. Le son montre des manifestations pro-palestiniennes \u00e0 Limassol, \u00e0 Chypre, \u00e0 375 kilom\u00e8tres de Gaza, qui se trouve derri\u00e8re l&rsquo;horizon. A l&rsquo;abri des regards, comme si rien ne se passait, le monde occidental reste silencieux.<\/p>\n\n\n\n<p><em>The video image shows a view towards the horizon from the Limassol promenade. The seemingly beautiful scene does not reveal what lies behind. The sound depicts pro-Palestinian demonstrations in Limassol, Cyprus, 375 kilometres away from Gaza, which is situated behind the horizon. Hidden from sight, as if nothing is happening, the Western world remains silent.<\/em><\/p>\n\n\n\n<figure class=\"wp-block-image size-large\"><img decoding=\"async\" src=\"https:\/\/macaknara.hr\/wp-content\/uploads\/2024\/06\/Toni_Mestrovic-Behind_the_Horizon_03.jpg\" alt=\"\"\/><\/figure>\n\n\n\n<p>L\u2019\u0153uvre de Toni Me\u0161trovi\u0107 se pr\u00e9sente principalement sous la forme d\u2019installations vid\u00e9o et sonores et traite des th\u00e8mes de l\u2019h\u00e9ritage culturel, de l\u2019identit\u00e9 et des transformations survenues en Dalmatie depuis la p\u00e9riode de transition. Tout en distillant ces th\u00e8mes de mani\u00e8re personnelle, \u00e0 travers une perception personnelle de la mer et de la culture insulaire o\u00f9 il a grandi, certaines de ses pr\u00e9occupations constantes sont l\u2019assimilation du temps lin\u00e9aire et cyclique et l\u2019\u00e9puisement d\u2019un type de r\u00e9cit de la vie quotidienne, ainsi qu\u2019un large \u00e9ventail de sujets de changement \u2013 \u200b\u200bcomme un enregistrement de l\u2019\u00e9vaporation de l\u2019eau ou comme un commentaire sur le changement social ou culturel.<\/p>\n\n\n\n<p><em>Toni Me\u0161trovi\u0107\u2019s work is predominantly in form of video and sound installations and deals with themes of cultural heritage, identity and the transformations that have occurred in Dalmatia since the period of transition. While distilling those topics in a personal way, through a personal perception of the sea and the island culture where he grew up, some of his continuous preoccupations are assimilation of linear and cyclical time and the exhaustion of a quotidian-life type of narrative, as well as a wide range of topics of change &#8211; as a record of evaporation of water or as a commentary on social or cultural change.<\/em><\/p>\n\n\n\n<p><a href=\"http:\/\/www.macaknara.hr\">Website<\/a><\/p>\n","protected":false},"featured_media":14023,"menu_order":0,"template":"","portfolio-category":[495],"portfolio-tag":[],"class_list":["post-14022","portfolio","type-portfolio","status-publish","has-post-thumbnail","hentry","portfolio-category-friche-sin-20-oct-2024"],"_links":{"self":[{"href":"https:\/\/www.instantsvideo.com\/blog\/wp-json\/wp\/v2\/portfolio\/14022","targetHints":{"allow":["GET"]}}],"collection":[{"href":"https:\/\/www.instantsvideo.com\/blog\/wp-json\/wp\/v2\/portfolio"}],"about":[{"href":"https:\/\/www.instantsvideo.com\/blog\/wp-json\/wp\/v2\/types\/portfolio"}],"wp:featuredmedia":[{"embeddable":true,"href":"https:\/\/www.instantsvideo.com\/blog\/wp-json\/wp\/v2\/media\/14023"}],"wp:attachment":[{"href":"https:\/\/www.instantsvideo.com\/blog\/wp-json\/wp\/v2\/media?parent=14022"}],"wp:term":[{"taxonomy":"portfolio-category","embeddable":true,"href":"https:\/\/www.instantsvideo.com\/blog\/wp-json\/wp\/v2\/portfolio-category?post=14022"},{"taxonomy":"portfolio-tag","embeddable":true,"href":"https:\/\/www.instantsvideo.com\/blog\/wp-json\/wp\/v2\/portfolio-tag?post=14022"}],"curies":[{"name":"wp","href":"https:\/\/api.w.org\/{rel}","templated":true}]}}

<p>L&rsquo;image vidéo montre une vue de l&rsquo;horizon depuis la promenade de Limassol. Cette scène apparemment magnifique ne révèle pas ce qui se cache derrière. Le son montre des manifestations pro-palestiniennes à Limassol, à Chypre, à 375 kilomètres de Gaza, qui se trouve derrière l&rsquo;horizon. A l&rsquo;abri des regards, comme si rien ne se passait, le monde occidental reste silencieux.</p>



<p><em>The video image shows a view towards the horizon from the Limassol promenade. The seemingly beautiful scene does not reveal what lies behind. The sound depicts pro-Palestinian demonstrations in Limassol, Cyprus, 375 kilometres away from Gaza, which is situated behind the horizon. Hidden from sight, as if nothing is happening, the Western world remains silent.</em></p>



<figure class="wp-block-image size-large"><img decoding="async" src="https://macaknara.hr/wp-content/uploads/2024/06/Toni_Mestrovic-Behind_the_Horizon_03.jpg" alt=""/></figure>



<p>L’œuvre de Toni Meštrović se présente principalement sous la forme d’installations vidéo et sonores et traite des thèmes de l’héritage culturel, de l’identité et des transformations survenues en Dalmatie depuis la période de transition. Tout en distillant ces thèmes de manière personnelle, à travers une perception personnelle de la mer et de la culture insulaire où il a grandi, certaines de ses préoccupations constantes sont l’assimilation du temps linéaire et cyclique et l’épuisement d’un type de récit de la vie quotidienne, ainsi qu’un large éventail de sujets de changement – ​​comme un enregistrement de l’évaporation de l’eau ou comme un commentaire sur le changement social ou culturel.</p>



<p><em>Toni Meštrović’s work is predominantly in form of video and sound installations and deals with themes of cultural heritage, identity and the transformations that have occurred in Dalmatia since the period of transition. While distilling those topics in a personal way, through a personal perception of the sea and the island culture where he grew up, some of his continuous preoccupations are assimilation of linear and cyclical time and the exhaustion of a quotidian-life type of narrative, as well as a wide range of topics of change &#8211; as a record of evaporation of water or as a commentary on social or cultural change.</em></p>



<p><a href="http://www.macaknara.hr">Website</a></p>
