{"id":12920,"date":"2024-08-16T14:18:34","date_gmt":"2024-08-16T13:18:34","guid":{"rendered":"https:\/\/www.instantsvideo.com\/blog\/?post_type=portfolio&#038;p=12920"},"modified":"2024-08-16T14:24:49","modified_gmt":"2024-08-16T13:24:49","slug":"exalted","status":"publish","type":"portfolio","link":"https:\/\/www.instantsvideo.com\/blog\/video\/exalted\/","title":{"rendered":"Exalted"},"content":{"rendered":"\n<p>[Carte blanche au <a href=\"https:\/\/www.videoartfestivalturku.com\" target=\"_blank\" rel=\"noreferrer noopener\">Festival d\u2019Art Vid\u00e9o de Turku<\/a>]<\/p>\n\n\n\n<p><em>Exalted<\/em> est un examen des structures de pouvoir et de la mani\u00e8re dont elles peuvent opprimer un corps. Dans <em>Exalted<\/em>, ces structures prennent la forme du genre, de la sexualit\u00e9, de la religion, de la famille et de l&rsquo;\u00c9tat. Dans Spectral Evidence, Ulrich Baer explore l&rsquo;id\u00e9e que les exp\u00e9riences traumatisantes s&rsquo;inscrivent dans l&rsquo;esprit comme des souvenirs photographiques. Prenant cela comme point de d\u00e9part, Conlon a imagin\u00e9 le projet comme une forme permettant d&rsquo;explorer la r\u00e9\u00e9criture du traumatisme. Ici, l&rsquo;appareil photo est utilis\u00e9 comme une forme de discours. L&rsquo;image qui en r\u00e9sulte sert de langage pour communiquer l&rsquo;ineffable. Souvent, les traumatismes emp\u00eachent de s&rsquo;exprimer et les souvenirs s&rsquo;obscurcissent. L&rsquo;acte de parler, de cr\u00e9er un langage, apr\u00e8s un traumatisme, est politique.<\/p>\n\n\n\n<p>Exalted<em> is an examination of power structures and how they might oppress a body. In <\/em>Exalted<em> those structures take the shape of gender, sexuality, religion, the family, and the state. In Spectral Evidence Ulrich Baer explores the idea of traumatic experiences registering in and as photographic memories in the mind. Taking this as a departure point, Conlon imagined the project as a form in which to explore the rewriting of trauma. Here the camera is utilised as a form of speech. The resulting image acts as a language to communicate the otherwise ineffable. So often trauma takes away the inability to articulate, and memories become obscured. The act of speaking, making a language, post-trauma, is political.<\/em><\/p>\n\n\n\n<p><strong>Shia Conlon<\/strong> : N\u00e9e en 1990&nbsp;en Irlande, vit et travaille \u00e0 Helsinki. \u00c9crivain et artiste dont le travail est centr\u00e9 sur les voix marginalis\u00e9es et qui a grandi dans le paysage de la classe ouvri\u00e8re catholique irlandaise. Ses recherches actuelles portent sur le temps non lin\u00e9aire et sur la mani\u00e8re d&rsquo;utiliser le pouvoir des archives, du langage et de la m\u00e9moire comme outils de repr\u00e9sentation queer. Son travail est ancr\u00e9 dans la collaboration et n\u2019existerait pas sans la vuln\u00e9rabilit\u00e9 de sa communaut\u00e9 queer et trans. Il est l&rsquo;un des tiers d&rsquo;<em><a href=\"https:\/\/almanacpress.xyz\/\">Almanac Press<\/a><\/em>, une initiative d&rsquo;entraide centr\u00e9e et dirig\u00e9e par les trans et co-fondateur de <em><a href=\"https:\/\/www.instagram.com\/translibraryhelsinki\/?hl=es\">Trans Library Helsinki<\/a><\/em>.<\/p>\n\n\n\n<p><em><strong>Shia Conlon<\/strong> : Born in 1990 in Ireland, lives and works in Helsinki. Writer and artist whose work has been centered around marginalized voices and growing up in the landscape of working-class Catholic Ireland. His current research is focused on non-linear time and how to use the power of archives, language, and memory as tools for queer representation. His work is rooted in collaboration and would not exist without the vulnerability of his queer and trans community. He is 1\/3 of <a href=\"https:\/\/almanacpress.xyz\/\">Almanac Press<\/a>, a trans-ran and centered mutual aid initiative and co-founder of <a href=\"https:\/\/www.instagram.com\/translibraryhelsinki\/?hl=es\">Trans Library Helsinki<\/a>.<\/em><\/p>\n\n\n\n<p><a href=\"https:\/\/www.shiaconlon.com\" target=\"_blank\" rel=\"noreferrer noopener\">Website<\/a><\/p>\n","protected":false},"featured_media":12921,"menu_order":0,"template":"","portfolio-category":[451],"portfolio-tag":[],"class_list":["post-12920","portfolio","type-portfolio","status-publish","has-post-thumbnail","hentry","portfolio-category-friche-19-oct-2024-16h30"],"_links":{"self":[{"href":"https:\/\/www.instantsvideo.com\/blog\/wp-json\/wp\/v2\/portfolio\/12920","targetHints":{"allow":["GET"]}}],"collection":[{"href":"https:\/\/www.instantsvideo.com\/blog\/wp-json\/wp\/v2\/portfolio"}],"about":[{"href":"https:\/\/www.instantsvideo.com\/blog\/wp-json\/wp\/v2\/types\/portfolio"}],"wp:featuredmedia":[{"embeddable":true,"href":"https:\/\/www.instantsvideo.com\/blog\/wp-json\/wp\/v2\/media\/12921"}],"wp:attachment":[{"href":"https:\/\/www.instantsvideo.com\/blog\/wp-json\/wp\/v2\/media?parent=12920"}],"wp:term":[{"taxonomy":"portfolio-category","embeddable":true,"href":"https:\/\/www.instantsvideo.com\/blog\/wp-json\/wp\/v2\/portfolio-category?post=12920"},{"taxonomy":"portfolio-tag","embeddable":true,"href":"https:\/\/www.instantsvideo.com\/blog\/wp-json\/wp\/v2\/portfolio-tag?post=12920"}],"curies":[{"name":"wp","href":"https:\/\/api.w.org\/{rel}","templated":true}]}}

<p>[Carte blanche au <a href="https://www.videoartfestivalturku.com" target="_blank" rel="noreferrer noopener">Festival d’Art Vidéo de Turku</a>]</p>



<p><em>Exalted</em> est un examen des structures de pouvoir et de la manière dont elles peuvent opprimer un corps. Dans <em>Exalted</em>, ces structures prennent la forme du genre, de la sexualité, de la religion, de la famille et de l&rsquo;État. Dans Spectral Evidence, Ulrich Baer explore l&rsquo;idée que les expériences traumatisantes s&rsquo;inscrivent dans l&rsquo;esprit comme des souvenirs photographiques. Prenant cela comme point de départ, Conlon a imaginé le projet comme une forme permettant d&rsquo;explorer la réécriture du traumatisme. Ici, l&rsquo;appareil photo est utilisé comme une forme de discours. L&rsquo;image qui en résulte sert de langage pour communiquer l&rsquo;ineffable. Souvent, les traumatismes empêchent de s&rsquo;exprimer et les souvenirs s&rsquo;obscurcissent. L&rsquo;acte de parler, de créer un langage, après un traumatisme, est politique.</p>



<p>Exalted<em> is an examination of power structures and how they might oppress a body. In </em>Exalted<em> those structures take the shape of gender, sexuality, religion, the family, and the state. In Spectral Evidence Ulrich Baer explores the idea of traumatic experiences registering in and as photographic memories in the mind. Taking this as a departure point, Conlon imagined the project as a form in which to explore the rewriting of trauma. Here the camera is utilised as a form of speech. The resulting image acts as a language to communicate the otherwise ineffable. So often trauma takes away the inability to articulate, and memories become obscured. The act of speaking, making a language, post-trauma, is political.</em></p>



<p><strong>Shia Conlon</strong> : Née en 1990&nbsp;en Irlande, vit et travaille à Helsinki. Écrivain et artiste dont le travail est centré sur les voix marginalisées et qui a grandi dans le paysage de la classe ouvrière catholique irlandaise. Ses recherches actuelles portent sur le temps non linéaire et sur la manière d&rsquo;utiliser le pouvoir des archives, du langage et de la mémoire comme outils de représentation queer. Son travail est ancré dans la collaboration et n’existerait pas sans la vulnérabilité de sa communauté queer et trans. Il est l&rsquo;un des tiers d&rsquo;<em><a href="https://almanacpress.xyz/">Almanac Press</a></em>, une initiative d&rsquo;entraide centrée et dirigée par les trans et co-fondateur de <em><a href="https://www.instagram.com/translibraryhelsinki/?hl=es">Trans Library Helsinki</a></em>.</p>



<p><em><strong>Shia Conlon</strong> : Born in 1990 in Ireland, lives and works in Helsinki. Writer and artist whose work has been centered around marginalized voices and growing up in the landscape of working-class Catholic Ireland. His current research is focused on non-linear time and how to use the power of archives, language, and memory as tools for queer representation. His work is rooted in collaboration and would not exist without the vulnerability of his queer and trans community. He is 1/3 of <a href="https://almanacpress.xyz/">Almanac Press</a>, a trans-ran and centered mutual aid initiative and co-founder of <a href="https://www.instagram.com/translibraryhelsinki/?hl=es">Trans Library Helsinki</a>.</em></p>



<p><a href="https://www.shiaconlon.com" target="_blank" rel="noreferrer noopener">Website</a></p>
