{"id":12894,"date":"2024-08-15T22:36:29","date_gmt":"2024-08-15T21:36:29","guid":{"rendered":"https:\/\/www.instantsvideo.com\/blog\/?post_type=portfolio&#038;p=12894"},"modified":"2024-08-15T22:36:45","modified_gmt":"2024-08-15T21:36:45","slug":"espace-de-stockage-insuffisant","status":"publish","type":"portfolio","link":"https:\/\/www.instantsvideo.com\/blog\/video\/espace-de-stockage-insuffisant\/","title":{"rendered":"Espace de stockage insuffisant"},"content":{"rendered":"\n<p>Il a fait froid ces derniers temps, j&rsquo;ai laiss\u00e9 mon v\u00e9lo, j&rsquo;ai pris le m\u00e9tro. Mon t\u00e9l\u00e9phone mauvaise r\u00e9solution dans la main, j&rsquo;ai film\u00e9 des mains d&rsquo;humains. Puis un jour, espace de stockage insuffisant. Fin.<\/p>\n\n\n\n<p><em>It&rsquo;s been cold lately, so I left my bike and took the metro. With my low-resolution phone in my hand, I filmed human hands. Then one day, I ran out of storage space&#8230; the end.<\/em><\/p>\n\n\n\n<p><\/p>\n\n\n\n<figure class=\"wp-block-image size-large is-resized\"><img decoding=\"async\" src=\"https:\/\/filmfreeway-production-storage-01-storage.filmfreeway.com\/press_kits\/headshots\/002\/629\/595\/original\/bc61aa5263-headshot.jpg?1707559444\" alt=\"\" style=\"aspect-ratio:1;object-fit:cover;width:200px\"\/><\/figure>\n\n\n\n<p><\/p>\n\n\n\n<p>\u00ab\u00a0Je suis <strong>Jenna Castetbon<\/strong>, je ne sais pas trop ce que je suis d\u2019autre mais je sais que j\u2019aime \u00e9crire. \u00c9crire avec les mots, les images et les sons. \u00c0 la t\u00e9l\u00e9vision, je r\u00e9alise le magn\u00e9to <em>Silence<\/em> pour l\u2019\u00e9mission Quotidien (tmc). C\u2019est un petit bidule hebdomadaire qui cherche \u00e0 faire taire furtivement cet objet. Un comble pour moi qui ai grandi dans une famille o\u00f9 la t\u00e9l\u00e9vision \u00e9tait tout : le c\u0153ur du foyer, la culture et le bruit de fond qui comble les vides. En g\u00e9n\u00e9ral, j&rsquo;aime regarder les gens et les filmer pour les faire parler, avec ou sans parole.\u00a0\u00bb<\/p>\n\n\n\n<p><em>\u00ab\u00a0I&rsquo;m <strong>Jenna Castetbon<\/strong>, I don&rsquo;t really know what else I am but I know that I like to write. Writing with words, images and sounds. On television, I produce the tape <\/em>Silence<em> for the Quotidien program (tmc). It&rsquo;s a little weekly thing that seeks to stealthily silence this object. A shame for me who grew up in a family where television was everything: the heart of the home, the culture and the background noise. which fills in the blanks. In general, I like to watch people and film them to make them speak, with or without words.\u00a0\u00bb<\/em><\/p>\n","protected":false},"featured_media":12895,"menu_order":0,"template":"","portfolio-category":[449],"portfolio-tag":[],"class_list":["post-12894","portfolio","type-portfolio","status-publish","has-post-thumbnail","hentry","portfolio-category-friche-19-oct-2024-14h"],"_links":{"self":[{"href":"https:\/\/www.instantsvideo.com\/blog\/wp-json\/wp\/v2\/portfolio\/12894","targetHints":{"allow":["GET"]}}],"collection":[{"href":"https:\/\/www.instantsvideo.com\/blog\/wp-json\/wp\/v2\/portfolio"}],"about":[{"href":"https:\/\/www.instantsvideo.com\/blog\/wp-json\/wp\/v2\/types\/portfolio"}],"wp:featuredmedia":[{"embeddable":true,"href":"https:\/\/www.instantsvideo.com\/blog\/wp-json\/wp\/v2\/media\/12895"}],"wp:attachment":[{"href":"https:\/\/www.instantsvideo.com\/blog\/wp-json\/wp\/v2\/media?parent=12894"}],"wp:term":[{"taxonomy":"portfolio-category","embeddable":true,"href":"https:\/\/www.instantsvideo.com\/blog\/wp-json\/wp\/v2\/portfolio-category?post=12894"},{"taxonomy":"portfolio-tag","embeddable":true,"href":"https:\/\/www.instantsvideo.com\/blog\/wp-json\/wp\/v2\/portfolio-tag?post=12894"}],"curies":[{"name":"wp","href":"https:\/\/api.w.org\/{rel}","templated":true}]}}

<p>Il a fait froid ces derniers temps, j&rsquo;ai laissé mon vélo, j&rsquo;ai pris le métro. Mon téléphone mauvaise résolution dans la main, j&rsquo;ai filmé des mains d&rsquo;humains. Puis un jour, espace de stockage insuffisant. Fin.</p>



<p><em>It&rsquo;s been cold lately, so I left my bike and took the metro. With my low-resolution phone in my hand, I filmed human hands. Then one day, I ran out of storage space&#8230; the end.</em></p>



<p></p>



<figure class="wp-block-image size-large is-resized"><img decoding="async" src="https://filmfreeway-production-storage-01-storage.filmfreeway.com/press_kits/headshots/002/629/595/original/bc61aa5263-headshot.jpg?1707559444" alt="" style="aspect-ratio:1;object-fit:cover;width:200px"/></figure>



<p></p>



<p>« Je suis <strong>Jenna Castetbon</strong>, je ne sais pas trop ce que je suis d’autre mais je sais que j’aime écrire. Écrire avec les mots, les images et les sons. À la télévision, je réalise le magnéto <em>Silence</em> pour l’émission Quotidien (tmc). C’est un petit bidule hebdomadaire qui cherche à faire taire furtivement cet objet. Un comble pour moi qui ai grandi dans une famille où la télévision était tout : le cœur du foyer, la culture et le bruit de fond qui comble les vides. En général, j&rsquo;aime regarder les gens et les filmer pour les faire parler, avec ou sans parole. »</p>



<p><em>« I&rsquo;m <strong>Jenna Castetbon</strong>, I don&rsquo;t really know what else I am but I know that I like to write. Writing with words, images and sounds. On television, I produce the tape </em>Silence<em> for the Quotidien program (tmc). It&rsquo;s a little weekly thing that seeks to stealthily silence this object. A shame for me who grew up in a family where television was everything: the heart of the home, the culture and the background noise. which fills in the blanks. In general, I like to watch people and film them to make them speak, with or without words. »</em></p>
