{"id":12892,"date":"2024-08-15T21:43:05","date_gmt":"2024-08-15T20:43:05","guid":{"rendered":"https:\/\/www.instantsvideo.com\/blog\/?post_type=portfolio&#038;p=12892"},"modified":"2024-08-15T21:43:07","modified_gmt":"2024-08-15T20:43:07","slug":"veo-y-no-veo","status":"publish","type":"portfolio","link":"https:\/\/www.instantsvideo.com\/blog\/video\/veo-y-no-veo\/","title":{"rendered":"Veo Y No Veo"},"content":{"rendered":"\n<p><em>Je vois et je ne vois pas<\/em> est un documentaire exp\u00e9rimental intrigant et stimulant qui plonge dans les labyrinthes de la m\u00e9moire, de l&rsquo;identit\u00e9 et de la mall\u00e9abilit\u00e9 de nos souvenirs. Inspir\u00e9 par un souvenir d&rsquo;enfance bouleversant li\u00e9 \u00e0 l&rsquo;ouragan Kenna qui a d\u00e9vast\u00e9 Puerto Vallarta, la cin\u00e9aste entreprend un voyage pour d\u00e9m\u00ealer la fronti\u00e8re floue entre l&rsquo;exp\u00e9rience subjective et la r\u00e9alit\u00e9 objective. Dans une approche innovante, elle a projet\u00e9 les images captur\u00e9es sur son mur et les a enregistr\u00e9es avec son IPhone, en r\u00e9duisant intentionnellement la qualit\u00e9, dans le cadre d&rsquo;une exp\u00e9rience visant \u00e0 explorer de nouvelles formes d&rsquo;expression visuelle et narrative. Ce processus a ajout\u00e9 une couche suppl\u00e9mentaire de profondeur et de perspective au r\u00e9cit visuel, remettant en question les conventions \u00e9tablies et enrichissant l&rsquo;exp\u00e9rience cin\u00e9matographique.<\/p>\n\n\n\n<p>See and Don&rsquo;t See<em> is an intriguing and thought-provoking experimental documentary that delves into the labyrinths of memory, identity and the malleability of our memories. Inspired by a shocking childhood memory related to the devastating hurricane Kenna in Puerto Vallarta, the filmmaker embarks on a journey to unravel the blurred boundary between subjective experience and objective reality. In an innovative approach, he projected the captured images onto his wall and recorded them with her IPhone, intentionally reducing the quality, as part of an experiment to explore new forms of visual and narrative expression. This process added an additional layer of depth and perspective to the visual narrative, challenging established conventions and enriching the cinematic experience.<\/em><\/p>\n\n\n\n<figure class=\"wp-block-image size-large\"><img decoding=\"async\" src=\"https:\/\/filmfreeway-production-storage-01-storage.filmfreeway.com\/attachments\/files\/007\/943\/748\/original\/Screenshot_2024-02-12_at_22.21.30.jpg?1707772985\" alt=\"\"\/><\/figure>\n\n\n\n<figure class=\"wp-block-image size-large\"><img decoding=\"async\" src=\"https:\/\/filmfreeway-production-storage-01-storage.filmfreeway.com\/attachments\/files\/007\/943\/749\/original\/Screenshot_2024-02-12_at_22.21.51.jpg?1707772990\" alt=\"\"\/><\/figure>\n\n\n\n<p><\/p>\n\n\n\n<p><strong>Libertad Rittner<\/strong> est une cin\u00e9aste bas\u00e9e \u00e0 Berlin. Sa passion pour le cin\u00e9ma l&rsquo;a amen\u00e9e \u00e0 \u00e9tudier la production cin\u00e9matographique au Catalyst Institute of Creative Arts de Berlin. Son amour pour le cin\u00e9ma d\u2019art et essai controvers\u00e9 et sombre est \u00e9vident dans son travail. Elle est connue pour sa capacit\u00e9 unique \u00e0 d\u00e9crire l\u2019inconfort et le mal-\u00eatre dans ses films, explorant les recoins les plus sombres de l\u2019exp\u00e9rience humaine. Ses films repr\u00e9sentent sa fascination pour les aspects les plus sombres de la vie, depuis les complexit\u00e9s des relations humaines jusqu&rsquo;\u00e0 la maladie mentale et l&rsquo;existentialisme. Malgr\u00e9 la noirceur de son travail, elle essaie toujours d&rsquo;y trouver la beaut\u00e9 et l&rsquo;esth\u00e9tique. Ses films sont une exploration de la condition humaine, osant s&rsquo;aventurer dans les recoins invisibles de la psych\u00e9 humaine. Elle s&rsquo;efforce de cr\u00e9er des films qui r\u00e9v\u00e8lent les exp\u00e9riences honn\u00eates d&rsquo;individus dans diff\u00e9rentes r\u00e9alit\u00e9s.<\/p>\n\n\n\n<p><em><strong>Libertad Rittner <\/strong>is a filmmaker based in Berlin. Her passion for film led her to study film production at Catalyst Institute of Creative Arts in Berlin. Her love for the controversial and dark arthouse cinema is evident in her work. She is known for her unique ability to portray discomfort and unease in her films, exploring the darkest corners of the human experience. Her films represent her fascination with the darker aspects of life, from the complexities of human relationships to mental illness and existentialism. Despite the darkness in her work, she always tries to find the beauty and the aesthetics within them. Her films are an exploration of the human condition, daring to venture into the unseen corners of the human psyche. She strives to create films that reveal the honest experiences of individuals in different realities.<\/em><\/p>\n","protected":false},"featured_media":12893,"menu_order":0,"template":"","portfolio-category":[449],"portfolio-tag":[],"class_list":["post-12892","portfolio","type-portfolio","status-publish","has-post-thumbnail","hentry","portfolio-category-friche-19-oct-2024-14h"],"_links":{"self":[{"href":"https:\/\/www.instantsvideo.com\/blog\/wp-json\/wp\/v2\/portfolio\/12892","targetHints":{"allow":["GET"]}}],"collection":[{"href":"https:\/\/www.instantsvideo.com\/blog\/wp-json\/wp\/v2\/portfolio"}],"about":[{"href":"https:\/\/www.instantsvideo.com\/blog\/wp-json\/wp\/v2\/types\/portfolio"}],"wp:featuredmedia":[{"embeddable":true,"href":"https:\/\/www.instantsvideo.com\/blog\/wp-json\/wp\/v2\/media\/12893"}],"wp:attachment":[{"href":"https:\/\/www.instantsvideo.com\/blog\/wp-json\/wp\/v2\/media?parent=12892"}],"wp:term":[{"taxonomy":"portfolio-category","embeddable":true,"href":"https:\/\/www.instantsvideo.com\/blog\/wp-json\/wp\/v2\/portfolio-category?post=12892"},{"taxonomy":"portfolio-tag","embeddable":true,"href":"https:\/\/www.instantsvideo.com\/blog\/wp-json\/wp\/v2\/portfolio-tag?post=12892"}],"curies":[{"name":"wp","href":"https:\/\/api.w.org\/{rel}","templated":true}]}}

<p><em>Je vois et je ne vois pas</em> est un documentaire expérimental intrigant et stimulant qui plonge dans les labyrinthes de la mémoire, de l&rsquo;identité et de la malléabilité de nos souvenirs. Inspiré par un souvenir d&rsquo;enfance bouleversant lié à l&rsquo;ouragan Kenna qui a dévasté Puerto Vallarta, la cinéaste entreprend un voyage pour démêler la frontière floue entre l&rsquo;expérience subjective et la réalité objective. Dans une approche innovante, elle a projeté les images capturées sur son mur et les a enregistrées avec son IPhone, en réduisant intentionnellement la qualité, dans le cadre d&rsquo;une expérience visant à explorer de nouvelles formes d&rsquo;expression visuelle et narrative. Ce processus a ajouté une couche supplémentaire de profondeur et de perspective au récit visuel, remettant en question les conventions établies et enrichissant l&rsquo;expérience cinématographique.</p>



<p>See and Don&rsquo;t See<em> is an intriguing and thought-provoking experimental documentary that delves into the labyrinths of memory, identity and the malleability of our memories. Inspired by a shocking childhood memory related to the devastating hurricane Kenna in Puerto Vallarta, the filmmaker embarks on a journey to unravel the blurred boundary between subjective experience and objective reality. In an innovative approach, he projected the captured images onto his wall and recorded them with her IPhone, intentionally reducing the quality, as part of an experiment to explore new forms of visual and narrative expression. This process added an additional layer of depth and perspective to the visual narrative, challenging established conventions and enriching the cinematic experience.</em></p>



<figure class="wp-block-image size-large"><img decoding="async" src="https://filmfreeway-production-storage-01-storage.filmfreeway.com/attachments/files/007/943/748/original/Screenshot_2024-02-12_at_22.21.30.jpg?1707772985" alt=""/></figure>



<figure class="wp-block-image size-large"><img decoding="async" src="https://filmfreeway-production-storage-01-storage.filmfreeway.com/attachments/files/007/943/749/original/Screenshot_2024-02-12_at_22.21.51.jpg?1707772990" alt=""/></figure>



<p></p>



<p><strong>Libertad Rittner</strong> est une cinéaste basée à Berlin. Sa passion pour le cinéma l&rsquo;a amenée à étudier la production cinématographique au Catalyst Institute of Creative Arts de Berlin. Son amour pour le cinéma d’art et essai controversé et sombre est évident dans son travail. Elle est connue pour sa capacité unique à décrire l’inconfort et le mal-être dans ses films, explorant les recoins les plus sombres de l’expérience humaine. Ses films représentent sa fascination pour les aspects les plus sombres de la vie, depuis les complexités des relations humaines jusqu&rsquo;à la maladie mentale et l&rsquo;existentialisme. Malgré la noirceur de son travail, elle essaie toujours d&rsquo;y trouver la beauté et l&rsquo;esthétique. Ses films sont une exploration de la condition humaine, osant s&rsquo;aventurer dans les recoins invisibles de la psyché humaine. Elle s&rsquo;efforce de créer des films qui révèlent les expériences honnêtes d&rsquo;individus dans différentes réalités.</p>



<p><em><strong>Libertad Rittner </strong>is a filmmaker based in Berlin. Her passion for film led her to study film production at Catalyst Institute of Creative Arts in Berlin. Her love for the controversial and dark arthouse cinema is evident in her work. She is known for her unique ability to portray discomfort and unease in her films, exploring the darkest corners of the human experience. Her films represent her fascination with the darker aspects of life, from the complexities of human relationships to mental illness and existentialism. Despite the darkness in her work, she always tries to find the beauty and the aesthetics within them. Her films are an exploration of the human condition, daring to venture into the unseen corners of the human psyche. She strives to create films that reveal the honest experiences of individuals in different realities.</em></p>
