{"id":12813,"date":"2024-04-14T20:39:58","date_gmt":"2024-04-14T19:39:58","guid":{"rendered":"https:\/\/www.instantsvideo.com\/blog\/?post_type=portfolio&#038;p=12813"},"modified":"2024-08-19T22:24:17","modified_gmt":"2024-08-19T21:24:17","slug":"emi","status":"publish","type":"portfolio","link":"https:\/\/www.instantsvideo.com\/blog\/video\/emi\/","title":{"rendered":"EMI"},"content":{"rendered":"\n<p><em>EMI <\/em>est un outil de performance optimal. Son incroyable productivit\u00e9 ne semble pas \u00eatre limit\u00e9e par les be-soins humains fondamentaux. <em>EMI<\/em> est une influenceuse virtuelle. <em>EMI<\/em> mange, <em>EMI<\/em> s\u00e9cr\u00e8te, <em>EMI<\/em> g\u00e9n\u00e8re.<\/p>\n\n\n\n<p>EMI<em> is an optimal performance tool. Its incredible productivity doesn&rsquo;t seem to be limited by basic human needs. <\/em>EMI<em> is a virtual influencer. <\/em>EMI<em> eats, <\/em>EMI<em> excretes, <\/em>EMI<em> generates.<\/em><\/p>\n\n\n\n<figure class=\"wp-block-image size-large\"><img decoding=\"async\" src=\"https:\/\/media.lefresnoy.net\/?url=https:\/\/api.lefresnoy.net\/media\/assets\/medium\/2023\/08\/512_511_SPz.tif&amp;w=680&amp;h=680&amp;fmt=jpg\" alt=\"\"\/><\/figure>\n\n\n\n<figure class=\"wp-block-image size-large\"><img decoding=\"async\" src=\"https:\/\/media.lefresnoy.net\/?url=https:\/\/api.lefresnoy.net\/media\/assets\/medium\/2023\/08\/513_513_QYX.tif&amp;w=680&amp;h=680&amp;fmt=jpg\" alt=\"\"\/><\/figure>\n\n\n\n<p><\/p>\n\n\n\n<figure class=\"wp-block-image size-large is-resized\"><img decoding=\"async\" src=\"https:\/\/media.lefresnoy.net\/?url=https:\/\/api.lefresnoy.net\/media\/people\/fresnoyprofile\/2023\/08\/ethel-lilienfeld_xxq.jpg&amp;w=700&amp;h=700&amp;fmt=jpg\" alt=\"\" style=\"aspect-ratio:1;object-fit:cover;width:200px\"\/><\/figure>\n\n\n\n<p><\/p>\n\n\n\n<p><strong>Ethel Lilienfeld<\/strong> (1995) est une artiste visuelle et vid\u00e9aste fran\u00e7aise vivant \u00e0 Bruxelles. Dipl\u00f4m\u00e9e d&rsquo;un master en arts visuels \u00e0 La Cambre (Bruxelles) en 2020, puis de l&rsquo;agr\u00e9gation en 2021, elle poursuit son travail au Fresnoy &#8212; Studio national des arts contemporains. Elle a r\u00e9cemment obtenu plusieurs prix : bourse de production de la F\u00e9d\u00e9ration Wallonie-Bruxelles (2022) ; Prix du public, Brussels Videonline Festival #2 \u00e0 La Centrale (2021) ; prix Cocof (Commission communautaire fran\u00e7aise) \u00e0 la M\u00e9diatine (2021) ; prix des Amis de La Cambre (2020).<\/p>\n\n\n\n<p><em><strong>Ethel Lilienfeld<\/strong> (1995) is a French visual artist and video maker based in Brussels.<br>She graduated from La Cambre (Brussels) with a Master&rsquo;s degree in Visual Arts in 2020, then passed the Agr\u00e9gation in 2021, and is continuing her work at Le Fresnoy &#8212; Studio national des arts contemporains. She has recently won several awards : production grant from the F\u00e9d\u00e9ration Wallonie-Bruxelles (2022) ; Audience Award, Brussels Videonline Festival #2 at LA CENTRALE (2021) ; Cocof Award (French Community Commission) at M\u00e9diatine (2021) ; Prix des Amis de La Cambre (2020)<\/em><\/p>\n","protected":false},"featured_media":12814,"menu_order":0,"template":"","portfolio-category":[444,466],"portfolio-tag":[],"class_list":["post-12813","portfolio","type-portfolio","status-publish","has-post-thumbnail","hentry","portfolio-category-friche-17-oct-2024-14h-15h30","portfolio-category-friche-25-nov-2024-scolaires"],"_links":{"self":[{"href":"https:\/\/www.instantsvideo.com\/blog\/wp-json\/wp\/v2\/portfolio\/12813","targetHints":{"allow":["GET"]}}],"collection":[{"href":"https:\/\/www.instantsvideo.com\/blog\/wp-json\/wp\/v2\/portfolio"}],"about":[{"href":"https:\/\/www.instantsvideo.com\/blog\/wp-json\/wp\/v2\/types\/portfolio"}],"wp:featuredmedia":[{"embeddable":true,"href":"https:\/\/www.instantsvideo.com\/blog\/wp-json\/wp\/v2\/media\/12814"}],"wp:attachment":[{"href":"https:\/\/www.instantsvideo.com\/blog\/wp-json\/wp\/v2\/media?parent=12813"}],"wp:term":[{"taxonomy":"portfolio-category","embeddable":true,"href":"https:\/\/www.instantsvideo.com\/blog\/wp-json\/wp\/v2\/portfolio-category?post=12813"},{"taxonomy":"portfolio-tag","embeddable":true,"href":"https:\/\/www.instantsvideo.com\/blog\/wp-json\/wp\/v2\/portfolio-tag?post=12813"}],"curies":[{"name":"wp","href":"https:\/\/api.w.org\/{rel}","templated":true}]}}

<p><em>EMI </em>est un outil de performance optimal. Son incroyable productivité ne semble pas être limitée par les be-soins humains fondamentaux. <em>EMI</em> est une influenceuse virtuelle. <em>EMI</em> mange, <em>EMI</em> sécrète, <em>EMI</em> génère.</p>



<p>EMI<em> is an optimal performance tool. Its incredible productivity doesn&rsquo;t seem to be limited by basic human needs. </em>EMI<em> is a virtual influencer. </em>EMI<em> eats, </em>EMI<em> excretes, </em>EMI<em> generates.</em></p>



<figure class="wp-block-image size-large"><img decoding="async" src="https://media.lefresnoy.net/?url=https://api.lefresnoy.net/media/assets/medium/2023/08/512_511_SPz.tif&amp;w=680&amp;h=680&amp;fmt=jpg" alt=""/></figure>



<figure class="wp-block-image size-large"><img decoding="async" src="https://media.lefresnoy.net/?url=https://api.lefresnoy.net/media/assets/medium/2023/08/513_513_QYX.tif&amp;w=680&amp;h=680&amp;fmt=jpg" alt=""/></figure>



<p></p>



<figure class="wp-block-image size-large is-resized"><img decoding="async" src="https://media.lefresnoy.net/?url=https://api.lefresnoy.net/media/people/fresnoyprofile/2023/08/ethel-lilienfeld_xxq.jpg&amp;w=700&amp;h=700&amp;fmt=jpg" alt="" style="aspect-ratio:1;object-fit:cover;width:200px"/></figure>



<p></p>



<p><strong>Ethel Lilienfeld</strong> (1995) est une artiste visuelle et vidéaste française vivant à Bruxelles. Diplômée d&rsquo;un master en arts visuels à La Cambre (Bruxelles) en 2020, puis de l&rsquo;agrégation en 2021, elle poursuit son travail au Fresnoy &#8212; Studio national des arts contemporains. Elle a récemment obtenu plusieurs prix : bourse de production de la Fédération Wallonie-Bruxelles (2022) ; Prix du public, Brussels Videonline Festival #2 à La Centrale (2021) ; prix Cocof (Commission communautaire française) à la Médiatine (2021) ; prix des Amis de La Cambre (2020).</p>



<p><em><strong>Ethel Lilienfeld</strong> (1995) is a French visual artist and video maker based in Brussels.<br>She graduated from La Cambre (Brussels) with a Master&rsquo;s degree in Visual Arts in 2020, then passed the Agrégation in 2021, and is continuing her work at Le Fresnoy &#8212; Studio national des arts contemporains. She has recently won several awards : production grant from the Fédération Wallonie-Bruxelles (2022) ; Audience Award, Brussels Videonline Festival #2 at LA CENTRALE (2021) ; Cocof Award (French Community Commission) at Médiatine (2021) ; Prix des Amis de La Cambre (2020)</em></p>
