{"id":12678,"date":"2024-07-04T14:42:47","date_gmt":"2024-07-04T13:42:47","guid":{"rendered":"https:\/\/www.instantsvideo.com\/blog\/?post_type=portfolio&#038;p=12678"},"modified":"2024-08-13T20:15:54","modified_gmt":"2024-08-13T19:15:54","slug":"who","status":"publish","type":"portfolio","link":"https:\/\/www.instantsvideo.com\/blog\/video\/who\/","title":{"rendered":"Who"},"content":{"rendered":"\n<p>Alliant philosophie et physique quantique, WHO explore, en trois actes, les multiples personnalit\u00e9s du MOI, la possibilit\u00e9 de multiples univers parall\u00e8les, l&rsquo;origine de l&rsquo;univers et de l&rsquo;\u00eatre lui-m\u00eame, et les cycles \u00e9ternels de la vie o\u00f9 il n&rsquo;y a pas de principes ni de fins absolus.<\/p>\n\n\n\n<p>Tying together philosophy and quantum physics, WHO explores, in three acts, the multiple personalities of the SELF, the possibility of multiple parallel universes, the origin of the universe and one&rsquo;s own being, and the eternal cycles of life in which there are no principles or absolute ends.<\/p>\n\n\n\n<figure class=\"wp-block-image size-large\"><img decoding=\"async\" src=\"https:\/\/filmfreeway-production-storage-01-storage.filmfreeway.com\/press_kits\/posters\/002\/278\/278\/original\/92e1dff98f-poster.jpg?1676461309\" alt=\"\"\/><\/figure>\n\n\n\n<p><\/p>\n\n\n\n<figure class=\"wp-block-image size-large is-resized\"><img decoding=\"async\" src=\"https:\/\/filmfreeway-production-storage-01-storage.filmfreeway.com\/press_kits\/headshots\/002\/278\/278\/original\/0e937b0112-headshot.jpg?1676461321\" alt=\"\" style=\"aspect-ratio:1;object-fit:cover;width:200px\"\/><\/figure>\n\n\n\n<p><\/p>\n\n\n\n<p>Je suis un photographe autodidacte qui apprend continuellement la photographie du c\u0153ur et avec un amour absolu pour raconter des histoires \u00e0 travers mon objectif. \u00ab\u00a0Who\u00a0\u00bb est ma premi\u00e8re vid\u00e9o.<\/p>\n\n\n\n<p><em>I am a self-taught photographer continously&nbsp;learning photography from the heart and with an absolute love about telling stories through my lens. \u00ab\u00a0Who\u00a0\u00bb is my first video.<\/em><\/p>\n\n\n\n<p><a href=\"https:\/\/www.juergenlawyer.com\" target=\"_blank\" rel=\"noreferrer noopener\">Website<\/a><\/p>\n","protected":false},"featured_media":12679,"menu_order":0,"template":"","portfolio-category":[441],"portfolio-tag":[],"class_list":["post-12678","portfolio","type-portfolio","status-publish","has-post-thumbnail","hentry","portfolio-category-friche-19-oct-2024-17h45"],"_links":{"self":[{"href":"https:\/\/www.instantsvideo.com\/blog\/wp-json\/wp\/v2\/portfolio\/12678","targetHints":{"allow":["GET"]}}],"collection":[{"href":"https:\/\/www.instantsvideo.com\/blog\/wp-json\/wp\/v2\/portfolio"}],"about":[{"href":"https:\/\/www.instantsvideo.com\/blog\/wp-json\/wp\/v2\/types\/portfolio"}],"wp:featuredmedia":[{"embeddable":true,"href":"https:\/\/www.instantsvideo.com\/blog\/wp-json\/wp\/v2\/media\/12679"}],"wp:attachment":[{"href":"https:\/\/www.instantsvideo.com\/blog\/wp-json\/wp\/v2\/media?parent=12678"}],"wp:term":[{"taxonomy":"portfolio-category","embeddable":true,"href":"https:\/\/www.instantsvideo.com\/blog\/wp-json\/wp\/v2\/portfolio-category?post=12678"},{"taxonomy":"portfolio-tag","embeddable":true,"href":"https:\/\/www.instantsvideo.com\/blog\/wp-json\/wp\/v2\/portfolio-tag?post=12678"}],"curies":[{"name":"wp","href":"https:\/\/api.w.org\/{rel}","templated":true}]}}

<p>Alliant philosophie et physique quantique, WHO explore, en trois actes, les multiples personnalités du MOI, la possibilité de multiples univers parallèles, l&rsquo;origine de l&rsquo;univers et de l&rsquo;être lui-même, et les cycles éternels de la vie où il n&rsquo;y a pas de principes ni de fins absolus.</p>



<p>Tying together philosophy and quantum physics, WHO explores, in three acts, the multiple personalities of the SELF, the possibility of multiple parallel universes, the origin of the universe and one&rsquo;s own being, and the eternal cycles of life in which there are no principles or absolute ends.</p>



<figure class="wp-block-image size-large"><img decoding="async" src="https://filmfreeway-production-storage-01-storage.filmfreeway.com/press_kits/posters/002/278/278/original/92e1dff98f-poster.jpg?1676461309" alt=""/></figure>



<p></p>



<figure class="wp-block-image size-large is-resized"><img decoding="async" src="https://filmfreeway-production-storage-01-storage.filmfreeway.com/press_kits/headshots/002/278/278/original/0e937b0112-headshot.jpg?1676461321" alt="" style="aspect-ratio:1;object-fit:cover;width:200px"/></figure>



<p></p>



<p>Je suis un photographe autodidacte qui apprend continuellement la photographie du cœur et avec un amour absolu pour raconter des histoires à travers mon objectif. « Who » est ma première vidéo.</p>



<p><em>I am a self-taught photographer continously&nbsp;learning photography from the heart and with an absolute love about telling stories through my lens. « Who » is my first video.</em></p>



<p><a href="https://www.juergenlawyer.com" target="_blank" rel="noreferrer noopener">Website</a></p>
