{"id":12670,"date":"2024-06-11T11:08:01","date_gmt":"2024-06-11T10:08:01","guid":{"rendered":"https:\/\/www.instantsvideo.com\/blog\/?post_type=portfolio&#038;p=12670"},"modified":"2024-08-13T20:19:02","modified_gmt":"2024-08-13T19:19:02","slug":"le-colloque-des-chiens","status":"publish","type":"portfolio","link":"https:\/\/www.instantsvideo.com\/blog\/video\/le-colloque-des-chiens\/","title":{"rendered":"Le Colloque des chiens"},"content":{"rendered":"\n<p>Touch\u00e9s par la gr\u00e2ce de la parole, deux chiens philosophent dans le coffre d&rsquo;une voiture gar\u00e9e sur le parking d\u2019un h\u00f4pital, la nuit. Ensemble, ils dressent le sombre tableau d\u2019une humanit\u00e9 encline \u00e0 une grande calamit\u00e9, effritant au passage nos certitudes un peu trop humaines.&nbsp;Librement adapt\u00e9 de la nouvelle \u00e9ponyme de Cervantes&nbsp;<em>Le Colloque des chiens<\/em>, \u00e9crite en 1613.<\/p>\n\n\n\n<p><em>Touched by the grace of speech, two dogs philosophise in the trunk of a car parked on a hospital forecourt at night. Together, they paint a bleak picture of a humanity prone to great calamity, crumbling our all-too-human certainties in the process. Freely adapted from the eponymous short story by Cervantes&nbsp;<\/em>The<em> <\/em>Dialogue of the Dogs<em>, written in 1613.<\/em><\/p>\n\n\n\n<figure class=\"wp-block-image size-large\"><img decoding=\"async\" src=\"https:\/\/media.lefresnoy.net\/?url=https:\/\/api.lefresnoy.net\/media\/assets\/medium\/2023\/08\/retro1_ddv.png&amp;w=680&amp;h=680&amp;fmt=jpg\" alt=\"\"\/><\/figure>\n\n\n\n<figure class=\"wp-block-image size-large\"><img decoding=\"async\" src=\"https:\/\/media.lefresnoy.net\/?url=https:\/\/api.lefresnoy.net\/media\/assets\/medium\/2023\/08\/urgence1_j9R.png&amp;w=680&amp;h=680&amp;fmt=jpg\" alt=\"\"\/><\/figure>\n\n\n\n<p><\/p>\n\n\n\n<figure class=\"wp-block-image size-large is-resized\"><img decoding=\"async\" src=\"https:\/\/media.lefresnoy.net\/?url=https:\/\/api.lefresnoy.net\/media\/people\/fresnoyprofile\/2021\/10\/norman_nedellec-1_PLd.tif&amp;w=700&amp;h=700&amp;fmt=jpg\" alt=\"\" style=\"aspect-ratio:1;object-fit:cover;width:200px\"\/><\/figure>\n\n\n\n<p><\/p>\n\n\n\n<p>N\u00e9 en 1994, <strong>Norman Nedellec<\/strong> est artiste et cin\u00e9aste. Son travail se situe \u00e0 la lisi\u00e8re des arts visuels et du cin\u00e9ma, o\u00f9 ses origines paysannes sommeillent comme un point de d\u00e9part. Par ce dialogue particulier avec le non-humain, ses productions s&rsquo;appuient sur la construction d&rsquo;un paysage \u00e0 la fois documentaire, intime et fabulateur. Il a diffus\u00e9 ses films et vid\u00e9os, et expos\u00e9 son travail \u00e0 plusieurs reprises en France (Vid\u00e9odrome2, Centre d&rsquo;art du Creux de l&rsquo;enfer, galerie Thaddaeus Ropac, Vid\u00e9ochroniques, etc.).<\/p>\n\n\n\n<p><em>Born in 1994, <strong>Norman Nedellec<\/strong> is an artist and filmmaker. His work is situated on the cusp of visual arts and cinema, where his peasant origins lie dormant as a starting point. Through this particular dialogue with the non-human, his productions are based on the construction of a landscape that is at once documentary, intimate tale and fable. He has shown his films and videos and exhibited his work at Vid\u00e9odrome2, Centre d&rsquo;Art du Creux de l&rsquo;Enfer, Galerie Thaddaeus Ropac, Vid\u00e9ochroniques, etc.<\/em><\/p>\n","protected":false},"featured_media":12671,"menu_order":0,"template":"","portfolio-category":[443],"portfolio-tag":[],"class_list":["post-12670","portfolio","type-portfolio","status-publish","has-post-thumbnail","hentry","portfolio-category-friche-19-oct-2024-20h30"],"_links":{"self":[{"href":"https:\/\/www.instantsvideo.com\/blog\/wp-json\/wp\/v2\/portfolio\/12670","targetHints":{"allow":["GET"]}}],"collection":[{"href":"https:\/\/www.instantsvideo.com\/blog\/wp-json\/wp\/v2\/portfolio"}],"about":[{"href":"https:\/\/www.instantsvideo.com\/blog\/wp-json\/wp\/v2\/types\/portfolio"}],"wp:featuredmedia":[{"embeddable":true,"href":"https:\/\/www.instantsvideo.com\/blog\/wp-json\/wp\/v2\/media\/12671"}],"wp:attachment":[{"href":"https:\/\/www.instantsvideo.com\/blog\/wp-json\/wp\/v2\/media?parent=12670"}],"wp:term":[{"taxonomy":"portfolio-category","embeddable":true,"href":"https:\/\/www.instantsvideo.com\/blog\/wp-json\/wp\/v2\/portfolio-category?post=12670"},{"taxonomy":"portfolio-tag","embeddable":true,"href":"https:\/\/www.instantsvideo.com\/blog\/wp-json\/wp\/v2\/portfolio-tag?post=12670"}],"curies":[{"name":"wp","href":"https:\/\/api.w.org\/{rel}","templated":true}]}}

<p>Touchés par la grâce de la parole, deux chiens philosophent dans le coffre d&rsquo;une voiture garée sur le parking d’un hôpital, la nuit. Ensemble, ils dressent le sombre tableau d’une humanité encline à une grande calamité, effritant au passage nos certitudes un peu trop humaines.&nbsp;Librement adapté de la nouvelle éponyme de Cervantes&nbsp;<em>Le Colloque des chiens</em>, écrite en 1613.</p>



<p><em>Touched by the grace of speech, two dogs philosophise in the trunk of a car parked on a hospital forecourt at night. Together, they paint a bleak picture of a humanity prone to great calamity, crumbling our all-too-human certainties in the process. Freely adapted from the eponymous short story by Cervantes&nbsp;</em>The<em> </em>Dialogue of the Dogs<em>, written in 1613.</em></p>



<figure class="wp-block-image size-large"><img decoding="async" src="https://media.lefresnoy.net/?url=https://api.lefresnoy.net/media/assets/medium/2023/08/retro1_ddv.png&amp;w=680&amp;h=680&amp;fmt=jpg" alt=""/></figure>



<figure class="wp-block-image size-large"><img decoding="async" src="https://media.lefresnoy.net/?url=https://api.lefresnoy.net/media/assets/medium/2023/08/urgence1_j9R.png&amp;w=680&amp;h=680&amp;fmt=jpg" alt=""/></figure>



<p></p>



<figure class="wp-block-image size-large is-resized"><img decoding="async" src="https://media.lefresnoy.net/?url=https://api.lefresnoy.net/media/people/fresnoyprofile/2021/10/norman_nedellec-1_PLd.tif&amp;w=700&amp;h=700&amp;fmt=jpg" alt="" style="aspect-ratio:1;object-fit:cover;width:200px"/></figure>



<p></p>



<p>Né en 1994, <strong>Norman Nedellec</strong> est artiste et cinéaste. Son travail se situe à la lisière des arts visuels et du cinéma, où ses origines paysannes sommeillent comme un point de départ. Par ce dialogue particulier avec le non-humain, ses productions s&rsquo;appuient sur la construction d&rsquo;un paysage à la fois documentaire, intime et fabulateur. Il a diffusé ses films et vidéos, et exposé son travail à plusieurs reprises en France (Vidéodrome2, Centre d&rsquo;art du Creux de l&rsquo;enfer, galerie Thaddaeus Ropac, Vidéochroniques, etc.).</p>



<p><em>Born in 1994, <strong>Norman Nedellec</strong> is an artist and filmmaker. His work is situated on the cusp of visual arts and cinema, where his peasant origins lie dormant as a starting point. Through this particular dialogue with the non-human, his productions are based on the construction of a landscape that is at once documentary, intimate tale and fable. He has shown his films and videos and exhibited his work at Vidéodrome2, Centre d&rsquo;Art du Creux de l&rsquo;Enfer, Galerie Thaddaeus Ropac, Vidéochroniques, etc.</em></p>
