{"id":12658,"date":"2024-07-01T09:59:17","date_gmt":"2024-07-01T08:59:17","guid":{"rendered":"https:\/\/www.instantsvideo.com\/blog\/?post_type=portfolio&#038;p=12658"},"modified":"2024-09-03T15:47:56","modified_gmt":"2024-09-03T14:47:56","slug":"o-que-queda-ce-qui-reste","status":"publish","type":"portfolio","link":"https:\/\/www.instantsvideo.com\/blog\/video\/o-que-queda-ce-qui-reste\/","title":{"rendered":"O que queda"},"content":{"rendered":"\n<p><em>O que queda (Ce qui reste) <\/em>est une r\u00e9flexion sur la m\u00e9moire, le monde num\u00e9rique et les fichiers que nous g\u00e9n\u00e9rons quotidiennement \u00e0 travers la galerie audiovisuelle d&rsquo;un t\u00e9l\u00e9phone portable.<\/p>\n\n\n\n<p><em>A reflection about memory, the digital world and the files that we generate daily through the audiovisual gallery of a mobile phone.<\/em><\/p>\n\n\n\n<figure class=\"wp-block-image size-large\"><img decoding=\"async\" src=\"https:\/\/filmfreeway-production-storage-01-storage.filmfreeway.com\/press_kits\/posters\/002\/582\/608\/original\/c1f889845f-poster.jpg?1702922531\" alt=\"\"\/><\/figure>\n\n\n\n<figure class=\"wp-block-embed is-type-video is-provider-vimeo wp-block-embed-vimeo\"><div class=\"wp-block-embed__wrapper\">\n<iframe loading=\"lazy\" title=\"O que queda - Tailer 2022\" src=\"https:\/\/player.vimeo.com\/video\/656674210?dnt=1&amp;app_id=122963\" width=\"443\" height=\"960\" frameborder=\"0\" allow=\"autoplay; fullscreen; picture-in-picture; clipboard-write\"><\/iframe>\n<\/div><\/figure>\n\n\n\n<p><\/p>\n\n\n\n<figure class=\"wp-block-image size-large is-resized\"><img decoding=\"async\" src=\"https:\/\/filmfreeway-production-storage-01-storage.filmfreeway.com\/press_kits\/headshots\/002\/582\/608\/original\/48825cb6a9-headshot.jpg?1702922576\" alt=\"\" style=\"aspect-ratio:1;object-fit:cover;width:200px\"\/><\/figure>\n\n\n\n<p><\/p>\n\n\n\n<p><strong>Alejandro Rodr\u00edguez<\/strong> : Dipl\u00f4m\u00e9 en communication audiovisuelle de l&rsquo;Universit\u00e9 de Vigo et titulaire d&rsquo;une ma\u00eetrise en direction de s\u00e9ries cin\u00e9matographiques et t\u00e9l\u00e9visuelles de la TAI School of Arts de Madrid. Il a travaill\u00e9 sur les productions espagnoles \u00ab\u00a0O Corno\u00a0\u00bb (Jaione Camborda 2023), \u00ab\u00a0Hasta el cielo &#8211; la serie\u00a0\u00bb (Daniel Calparsoro, 2023) ou \u00ab\u00a0El caso Asunta\u00a0\u00bb (Carlos Sedes et Jacobo Mart\u00ednez, 2024). En outre, il est membre du conseil d&rsquo;administration de CREA, l&rsquo;Association galicienne des professionnels de la direction et de la production. En 2016, il a r\u00e9alis\u00e9 son premier court m\u00e9trage intitul\u00e9 \u00ab\u00a0Fume\u00a0\u00bb. Son dernier court m\u00e9trage de fiction en tant que r\u00e9alisateur est \u00ab\u00a0Nido\u00a0\u00bb, cr\u00e9\u00e9 en 2022 aux c\u00f4t\u00e9s du court m\u00e9trage documentaire \u00ab\u00a0O que queda\u00a0\u00bb (\u00ab\u00a0Ce qui reste\u00a0\u00bb). Le projet fait partie du catalogue New Spanish Shorts 2023 promu par l&rsquo;ICAA, dans la section 2Cool4School, \u00e0 travers lequel il a particip\u00e9 \u00e0 des march\u00e9s cin\u00e9matographiques tels que le March\u00e9 du Film au Festival de Cannes. Le projet a \u00e9galement \u00e9t\u00e9 s\u00e9lectionn\u00e9 dans des festivals reconnus au niveau national et international, notamment le Play-Doc International Documentary Festival, le DocsBarcelona Festival, le Festival international du film de Tirana, le Festival international du film et de la vid\u00e9o d&rsquo;Ath\u00e8nes, Alcine, Cinema Jove et le FICIE Elche International Film Festival. Actuellement, il travaille au d\u00e9veloppement de son premier long m\u00e9trage documentaire.<\/p>\n\n\n\n<p><strong><em>Alejandro Rodr\u00edguez<\/em><\/strong> : <em>Graduated in Audiovisual Communication from the University of Vigo and holding a Master&rsquo;s degree in Film and TV Series Direction from the TAI School of Arts in Madrid. He combines his projects as a director with other roles in the directing department for spanish productions such as \u00ab\u00a0O Corno\u00a0\u00bb (Jaione Camborda 2023), \u00ab\u00a0Hasta el cielo &#8211; la serie\u00a0\u00bb (Daniel Calparsoro, 2023), or \u00ab\u00a0El caso Asunta\u00a0\u00bb (Carlos Sedes and Jacobo Mart\u00ednez, 2024). Additionally, he serves as a member of the board of directors for CREA, the Galician Association of Professionals in Direction and Production. In 2016, he directed his first short film titled \u00ab\u00a0Fume.\u00a0\u00bb His latest fiction short film as a director is \u00ab\u00a0Nido,\u00a0\u00bb premiered in 2022 alongside the documentary short film \u00ab\u00a0O que queda\u00a0\u00bb (\u00ab\u00a0What Remains\u00a0\u00bb). The project is part of the New Spanish Shorts 2023 catalog promoted by the ICAA, in the 2Cool4School section, through which he has participated in film markets such as the March\u00e9 du Film at the Cannes Film Festival. The project has also been selected in nationally and internationally recognized festivals including Play-Doc International Documentary Festival, DocsBarcelona Festival, Tirana International Film Festival, Athens International Film And Video Festival, Alcine, Cinema Jove, and the FICIE Elche International Film Festival. Currently, he is working on the development of his first documentary feature film.<\/em><\/p>\n\n\n\n<p><a href=\"https:\/\/www.alejandrorodi.com\/o-que-queda\" target=\"_blank\" rel=\"noreferrer noopener\">Website<\/a><\/p>\n","protected":false},"featured_media":12659,"menu_order":0,"template":"","portfolio-category":[441],"portfolio-tag":[],"class_list":["post-12658","portfolio","type-portfolio","status-publish","has-post-thumbnail","hentry","portfolio-category-friche-19-oct-2024-17h45"],"_links":{"self":[{"href":"https:\/\/www.instantsvideo.com\/blog\/wp-json\/wp\/v2\/portfolio\/12658","targetHints":{"allow":["GET"]}}],"collection":[{"href":"https:\/\/www.instantsvideo.com\/blog\/wp-json\/wp\/v2\/portfolio"}],"about":[{"href":"https:\/\/www.instantsvideo.com\/blog\/wp-json\/wp\/v2\/types\/portfolio"}],"wp:featuredmedia":[{"embeddable":true,"href":"https:\/\/www.instantsvideo.com\/blog\/wp-json\/wp\/v2\/media\/12659"}],"wp:attachment":[{"href":"https:\/\/www.instantsvideo.com\/blog\/wp-json\/wp\/v2\/media?parent=12658"}],"wp:term":[{"taxonomy":"portfolio-category","embeddable":true,"href":"https:\/\/www.instantsvideo.com\/blog\/wp-json\/wp\/v2\/portfolio-category?post=12658"},{"taxonomy":"portfolio-tag","embeddable":true,"href":"https:\/\/www.instantsvideo.com\/blog\/wp-json\/wp\/v2\/portfolio-tag?post=12658"}],"curies":[{"name":"wp","href":"https:\/\/api.w.org\/{rel}","templated":true}]}}

<p><em>O que queda (Ce qui reste) </em>est une réflexion sur la mémoire, le monde numérique et les fichiers que nous générons quotidiennement à travers la galerie audiovisuelle d&rsquo;un téléphone portable.</p>



<p><em>A reflection about memory, the digital world and the files that we generate daily through the audiovisual gallery of a mobile phone.</em></p>



<figure class="wp-block-image size-large"><img decoding="async" src="https://filmfreeway-production-storage-01-storage.filmfreeway.com/press_kits/posters/002/582/608/original/c1f889845f-poster.jpg?1702922531" alt=""/></figure>



<figure class="wp-block-embed is-type-video is-provider-vimeo wp-block-embed-vimeo"><div class="wp-block-embed__wrapper">
<iframe loading="lazy" title="O que queda - Tailer 2022" src="https://player.vimeo.com/video/656674210?dnt=1&amp;app_id=122963" width="443" height="960" frameborder="0" allow="autoplay; fullscreen; picture-in-picture; clipboard-write"></iframe>
</div></figure>



<p></p>



<figure class="wp-block-image size-large is-resized"><img decoding="async" src="https://filmfreeway-production-storage-01-storage.filmfreeway.com/press_kits/headshots/002/582/608/original/48825cb6a9-headshot.jpg?1702922576" alt="" style="aspect-ratio:1;object-fit:cover;width:200px"/></figure>



<p></p>



<p><strong>Alejandro Rodríguez</strong> : Diplômé en communication audiovisuelle de l&rsquo;Université de Vigo et titulaire d&rsquo;une maîtrise en direction de séries cinématographiques et télévisuelles de la TAI School of Arts de Madrid. Il a travaillé sur les productions espagnoles « O Corno » (Jaione Camborda 2023), « Hasta el cielo &#8211; la serie » (Daniel Calparsoro, 2023) ou « El caso Asunta » (Carlos Sedes et Jacobo Martínez, 2024). En outre, il est membre du conseil d&rsquo;administration de CREA, l&rsquo;Association galicienne des professionnels de la direction et de la production. En 2016, il a réalisé son premier court métrage intitulé « Fume ». Son dernier court métrage de fiction en tant que réalisateur est « Nido », créé en 2022 aux côtés du court métrage documentaire « O que queda » (« Ce qui reste »). Le projet fait partie du catalogue New Spanish Shorts 2023 promu par l&rsquo;ICAA, dans la section 2Cool4School, à travers lequel il a participé à des marchés cinématographiques tels que le Marché du Film au Festival de Cannes. Le projet a également été sélectionné dans des festivals reconnus au niveau national et international, notamment le Play-Doc International Documentary Festival, le DocsBarcelona Festival, le Festival international du film de Tirana, le Festival international du film et de la vidéo d&rsquo;Athènes, Alcine, Cinema Jove et le FICIE Elche International Film Festival. Actuellement, il travaille au développement de son premier long métrage documentaire.</p>



<p><strong><em>Alejandro Rodríguez</em></strong> : <em>Graduated in Audiovisual Communication from the University of Vigo and holding a Master&rsquo;s degree in Film and TV Series Direction from the TAI School of Arts in Madrid. He combines his projects as a director with other roles in the directing department for spanish productions such as « O Corno » (Jaione Camborda 2023), « Hasta el cielo &#8211; la serie » (Daniel Calparsoro, 2023), or « El caso Asunta » (Carlos Sedes and Jacobo Martínez, 2024). Additionally, he serves as a member of the board of directors for CREA, the Galician Association of Professionals in Direction and Production. In 2016, he directed his first short film titled « Fume. » His latest fiction short film as a director is « Nido, » premiered in 2022 alongside the documentary short film « O que queda » (« What Remains »). The project is part of the New Spanish Shorts 2023 catalog promoted by the ICAA, in the 2Cool4School section, through which he has participated in film markets such as the Marché du Film at the Cannes Film Festival. The project has also been selected in nationally and internationally recognized festivals including Play-Doc International Documentary Festival, DocsBarcelona Festival, Tirana International Film Festival, Athens International Film And Video Festival, Alcine, Cinema Jove, and the FICIE Elche International Film Festival. Currently, he is working on the development of his first documentary feature film.</em></p>



<p><a href="https://www.alejandrorodi.com/o-que-queda" target="_blank" rel="noreferrer noopener">Website</a></p>
