{"id":11511,"date":"2023-09-08T17:12:58","date_gmt":"2023-09-08T16:12:58","guid":{"rendered":"https:\/\/www.instantsvideo.com\/blog\/?post_type=portfolio&#038;p=11511"},"modified":"2023-09-08T17:13:22","modified_gmt":"2023-09-08T16:13:22","slug":"wandel","status":"publish","type":"portfolio","link":"https:\/\/www.instantsvideo.com\/blog\/video\/wandel\/","title":{"rendered":"Wandel"},"content":{"rendered":"<p>Le titre de cette vid\u00e9o, Wandel, traduit par CHANGEMENT, peut avoir au moins deux significations possibles. La premi\u00e8re concerne le changement climatique, la seconde, concerne les changements sociaux et culturels que nous devons entreprendre pour \u00e9viter une crise environnementale mondiale, caus\u00e9e par le changement climatique. Le po\u00e8te autrichien Erich Fried a \u00e9crit en 1981 : \u00ab\u00a0Wer will, dass die Welt bleibt, wie sie ist, will nicht, dass sie bleibt.\u00a0\u00bb (Ceux qui veulent que le monde reste en l&rsquo;\u00e9tat, comme il est, ne veulent pas qu&rsquo;il le reste). Cette d\u00e9claration est \u00e9crite \u00e0 mes pieds sur une plan\u00e8te d&rsquo;asphalte infinie, et je me tiens l\u00e0 avec ma bicyclette. Lorsque je commence \u00e0 p\u00e9daler, la plan\u00e8te se met en mouvement et, tout en tournant, une transformation s&rsquo;op\u00e8re. Le monde est revitalis\u00e9, la plan\u00e8te asphalt\u00e9e recommence \u00e0 fleurir !<\/p>\n<p><em> The title of this video WANDEL, translated CHANGE, may have at least two possible meanings. The first concerns climate change, the second and connected are the social and cultural changes we have to undertake to avoid a global environmental crisis, caused by climate change. The Austrian poet Erich Fried wrote in 1981: \u201eWer will, dass die Welt bleibt, wie sie ist, will nicht, dass sie bleibt.\u201c (Those who want the world to remain as it is, do not want it to remain). This is a timeless statement. It is written at my feet on an infinite asphalt planet, and I stand there with my bicycle. When I begin cycling, the planet starts moving itself and while rotating a transformation is taking place. One sees animated images emerge. They suggest alternative energies and evolve into breathing life forms. The world is revitalized, the asphalted planet begins blooming again!<\/em><\/p>\n<p><img decoding=\"async\" class=\"slide-content\" draggable=\"false\" src=\"https:\/\/filmfreeway-production-storage-01-storage.filmfreeway.com\/attachments\/files\/006\/095\/073\/original\/Maria-Korporal-WANDEL-01.jpg?1647206853\" \/><\/p>\n<p><strong><img loading=\"lazy\" decoding=\"async\" class=\"slide-content alignleft\" draggable=\"false\" src=\"https:\/\/filmfreeway-production-storage-01-storage.filmfreeway.com\/press_kits\/headshots\/002\/030\/892\/original\/665540b201-headshot.jpg?1647207036\" width=\"204\" height=\"245\" \/>Maria Korporal<\/strong> est n\u00e9e en 1962 \u00e0 Sliedrecht, aux Pays-Bas. Elle a \u00e9tudi\u00e9 le graphisme et la peinture \u00e0 l&rsquo;Acad\u00e9mie des Beaux-Arts St. Joost de Breda. Au cours de ses \u00e9tudes, elle a commenc\u00e9 \u00e0 travailler avec la photographie et a obtenu son dipl\u00f4me avec, entre autres, une installation vid\u00e9o. Apr\u00e8s ses \u00e9tudes, en 1986, elle s&rsquo;installe en Italie, o\u00f9 elle retourne \u00e0 la peinture. En 1989, elle cofonde la maison d&rsquo;\u00e9dition italienne Apeiron Editori, dont elle dirige la production et la conception du livre. Dans cet environnement, elle s&rsquo;est impliqu\u00e9e dans l&rsquo;utilisation des ordinateurs et a \u00e9galement commenc\u00e9 \u00e0 appliquer les techniques num\u00e9riques dans son travail artistique. Depuis 1998, elle se consacre \u00e0 utiliser les arts m\u00e9diatiques pour son expression. Jusqu\u2019en 2013, elle a v\u00e9cu en Italie \u00e0 Sant\u2019Oreste (RM). Depuis 2014, elle vit et travaille \u00e0 Berlin. La production artistique de Maria Korporal comprend l\u2019art vid\u00e9o, les installations, l\u2019art interactif et les performances. Elle est membre actif du Verein Berliner K\u00fcnstler (Association des artistes berlinois) et du groupe d&rsquo;artistes Group Global 3000 &#8211; Art et autres durabilit\u00e9s \u00e0 Berlin. Ses \u0153uvres ont \u00e9t\u00e9 pr\u00e9sent\u00e9es et r\u00e9compens\u00e9es dans diverses expositions \u00e0 travers le monde. Parmi les nombreux festivals internationaux o\u00f9 ses vid\u00e9os ont \u00e9t\u00e9 pr\u00e9sent\u00e9es : FIVAC, Fest Miden, Madatac, Now &amp; After, Unabh\u00e4ngisches Medienfestival T\u00fcbingen, WRO Media Art Biennale, InVideo, Bolzano Short Film Festival, Instants Vid\u00e9o, Proyector, Magmart, MashRome FilmFest, Mediawave Festival , Strangloscope, Cyberfest, ReggioFilmFestival, Over the Real, Ibrida, Vierte Welle Festival.<\/p>\n<p><em>Maria Korporal was born 1962 in Sliedrecht, the Netherlands. She studied graphics and painting at the St. Joost Academy of Fine Arts in Breda. During her studies she began working with photography and she graduated with, among other things, a video installation. After her studies, in 1986, she moved to Italy, where she returned to painting. In 1989 she co-founded the Italian publishing house Apeiron Editori, directing the production and book design. In this environment she became involved with the use of computers, and she began applying digital techniques also in her art work. Since 1998 she has dedicated herself to using the new media arts for her expression. Until 2013 she lived in Italy in Sant\u2019Oreste (RM). Since 2014 she has lived and worked in Berlin. Maria Korporal\u2019s artistic production includes video art, installations, interactive art and performances. She is an active member of the Verein Berliner K\u00fcnstler (Association of Berlin Artists) and of the artists&rsquo; group Group Global 3000 &#8211; Art and other sustainabilities in Berlin. Her works have been shown and awarded in various exhibitions all over the world. Among the numerous international festivals where her videos were presented: FIVAC, Fest Miden, Madatac, Now &amp; After, Unabh\u00e4ngisches Medienfestival T\u00fcbingen, WRO Media Art Biennale, InVideo, Bolzano Short Film Festival, Instants Vid\u00e9o, Proyector, Magmart, MashRome FilmFest, Mediawave Festival, Strangloscope, Cyberfest, ReggioFilmFestival, Over the Real, Ibrida, Vierte Welle Festival.<\/em><\/p>\n","protected":false},"featured_media":11512,"menu_order":0,"template":"","portfolio-category":[405],"portfolio-tag":[],"class_list":["post-11511","portfolio","type-portfolio","status-publish","has-post-thumbnail","hentry","portfolio-category-galeries-populaires-ephemeres-17-oct-10-nov-2023"],"_links":{"self":[{"href":"https:\/\/www.instantsvideo.com\/blog\/wp-json\/wp\/v2\/portfolio\/11511","targetHints":{"allow":["GET"]}}],"collection":[{"href":"https:\/\/www.instantsvideo.com\/blog\/wp-json\/wp\/v2\/portfolio"}],"about":[{"href":"https:\/\/www.instantsvideo.com\/blog\/wp-json\/wp\/v2\/types\/portfolio"}],"wp:featuredmedia":[{"embeddable":true,"href":"https:\/\/www.instantsvideo.com\/blog\/wp-json\/wp\/v2\/media\/11512"}],"wp:attachment":[{"href":"https:\/\/www.instantsvideo.com\/blog\/wp-json\/wp\/v2\/media?parent=11511"}],"wp:term":[{"taxonomy":"portfolio-category","embeddable":true,"href":"https:\/\/www.instantsvideo.com\/blog\/wp-json\/wp\/v2\/portfolio-category?post=11511"},{"taxonomy":"portfolio-tag","embeddable":true,"href":"https:\/\/www.instantsvideo.com\/blog\/wp-json\/wp\/v2\/portfolio-tag?post=11511"}],"curies":[{"name":"wp","href":"https:\/\/api.w.org\/{rel}","templated":true}]}}

<p>Le titre de cette vidéo, Wandel, traduit par CHANGEMENT, peut avoir au moins deux significations possibles. La première concerne le changement climatique, la seconde, concerne les changements sociaux et culturels que nous devons entreprendre pour éviter une crise environnementale mondiale, causée par le changement climatique. Le poète autrichien Erich Fried a écrit en 1981 : « Wer will, dass die Welt bleibt, wie sie ist, will nicht, dass sie bleibt. » (Ceux qui veulent que le monde reste en l&rsquo;état, comme il est, ne veulent pas qu&rsquo;il le reste). Cette déclaration est écrite à mes pieds sur une planète d&rsquo;asphalte infinie, et je me tiens là avec ma bicyclette. Lorsque je commence à pédaler, la planète se met en mouvement et, tout en tournant, une transformation s&rsquo;opère. Le monde est revitalisé, la planète asphaltée recommence à fleurir !</p>
<p><em> The title of this video WANDEL, translated CHANGE, may have at least two possible meanings. The first concerns climate change, the second and connected are the social and cultural changes we have to undertake to avoid a global environmental crisis, caused by climate change. The Austrian poet Erich Fried wrote in 1981: „Wer will, dass die Welt bleibt, wie sie ist, will nicht, dass sie bleibt.“ (Those who want the world to remain as it is, do not want it to remain). This is a timeless statement. It is written at my feet on an infinite asphalt planet, and I stand there with my bicycle. When I begin cycling, the planet starts moving itself and while rotating a transformation is taking place. One sees animated images emerge. They suggest alternative energies and evolve into breathing life forms. The world is revitalized, the asphalted planet begins blooming again!</em></p>
<p><img decoding="async" class="slide-content" draggable="false" src="https://filmfreeway-production-storage-01-storage.filmfreeway.com/attachments/files/006/095/073/original/Maria-Korporal-WANDEL-01.jpg?1647206853" /></p>
<p><strong><img loading="lazy" decoding="async" class="slide-content alignleft" draggable="false" src="https://filmfreeway-production-storage-01-storage.filmfreeway.com/press_kits/headshots/002/030/892/original/665540b201-headshot.jpg?1647207036" width="204" height="245" />Maria Korporal</strong> est née en 1962 à Sliedrecht, aux Pays-Bas. Elle a étudié le graphisme et la peinture à l&rsquo;Académie des Beaux-Arts St. Joost de Breda. Au cours de ses études, elle a commencé à travailler avec la photographie et a obtenu son diplôme avec, entre autres, une installation vidéo. Après ses études, en 1986, elle s&rsquo;installe en Italie, où elle retourne à la peinture. En 1989, elle cofonde la maison d&rsquo;édition italienne Apeiron Editori, dont elle dirige la production et la conception du livre. Dans cet environnement, elle s&rsquo;est impliquée dans l&rsquo;utilisation des ordinateurs et a également commencé à appliquer les techniques numériques dans son travail artistique. Depuis 1998, elle se consacre à utiliser les arts médiatiques pour son expression. Jusqu’en 2013, elle a vécu en Italie à Sant’Oreste (RM). Depuis 2014, elle vit et travaille à Berlin. La production artistique de Maria Korporal comprend l’art vidéo, les installations, l’art interactif et les performances. Elle est membre actif du Verein Berliner Künstler (Association des artistes berlinois) et du groupe d&rsquo;artistes Group Global 3000 &#8211; Art et autres durabilités à Berlin. Ses œuvres ont été présentées et récompensées dans diverses expositions à travers le monde. Parmi les nombreux festivals internationaux où ses vidéos ont été présentées : FIVAC, Fest Miden, Madatac, Now &amp; After, Unabhängisches Medienfestival Tübingen, WRO Media Art Biennale, InVideo, Bolzano Short Film Festival, Instants Vidéo, Proyector, Magmart, MashRome FilmFest, Mediawave Festival , Strangloscope, Cyberfest, ReggioFilmFestival, Over the Real, Ibrida, Vierte Welle Festival.</p>
<p><em>Maria Korporal was born 1962 in Sliedrecht, the Netherlands. She studied graphics and painting at the St. Joost Academy of Fine Arts in Breda. During her studies she began working with photography and she graduated with, among other things, a video installation. After her studies, in 1986, she moved to Italy, where she returned to painting. In 1989 she co-founded the Italian publishing house Apeiron Editori, directing the production and book design. In this environment she became involved with the use of computers, and she began applying digital techniques also in her art work. Since 1998 she has dedicated herself to using the new media arts for her expression. Until 2013 she lived in Italy in Sant’Oreste (RM). Since 2014 she has lived and worked in Berlin. Maria Korporal’s artistic production includes video art, installations, interactive art and performances. She is an active member of the Verein Berliner Künstler (Association of Berlin Artists) and of the artists&rsquo; group Group Global 3000 &#8211; Art and other sustainabilities in Berlin. Her works have been shown and awarded in various exhibitions all over the world. Among the numerous international festivals where her videos were presented: FIVAC, Fest Miden, Madatac, Now &amp; After, Unabhängisches Medienfestival Tübingen, WRO Media Art Biennale, InVideo, Bolzano Short Film Festival, Instants Vidéo, Proyector, Magmart, MashRome FilmFest, Mediawave Festival, Strangloscope, Cyberfest, ReggioFilmFestival, Over the Real, Ibrida, Vierte Welle Festival.</em></p>
