{"id":10685,"date":"2023-08-10T20:13:28","date_gmt":"2023-08-10T19:13:28","guid":{"rendered":"https:\/\/www.instantsvideo.com\/blog\/?post_type=portfolio&#038;p=10685"},"modified":"2023-09-06T00:54:24","modified_gmt":"2023-09-05T23:54:24","slug":"horizons","status":"publish","type":"portfolio","link":"https:\/\/www.instantsvideo.com\/blog\/video\/horizons\/","title":{"rendered":"Horizons"},"content":{"rendered":"<p><em>Horizons<\/em> est une vid\u00e9o exp\u00e9rimentale inspir\u00e9e d&rsquo;un plan de conduite film\u00e9 au Nouveau-Mexique et de la composition musicale \u00ab\u00a0Horizons\u00a0\u00bb de Rodney Waschka. Le film utilise l&rsquo;id\u00e9e d&rsquo;un puzzle vid\u00e9o, assemblant les pi\u00e8ces d&rsquo;une image. Les images suivent les rythmes et les articulations de la musique, cr\u00e9ant une synchronisation entre les images et le son. La vid\u00e9o qui en r\u00e9sulte d\u00e9veloppe un sens unique du mouvement, car les images dansent.<\/p>\n<p>Horizons<em> is an experimental video inspired by a driving shot filmed in New Mexico, and the music composition, \u00ab\u00a0Horizons\u00a0\u00bb by Rodney Waschka. The film uses the idea of a video puzzle, assembling the pieces of an image. The visuals follow the rhythms and articulations of the music, creating a synchronization between the images and the sound. The resultant video develops a unique sense of motion as the visuals dance.<\/em><\/p>\n<p><img loading=\"lazy\" decoding=\"async\" src=\"https:\/\/www.zlatkocosic.com\/films\/horizons\/graphics\/horizons01.jpg\" width=\"984\" height=\"738\" \/><\/p>\n<p><a href=\"https:\/\/www.zlatkocosic.com\" target=\"_blank\" rel=\"noopener\">Website<\/a><\/p>\n<p><a href=\"https:\/\/www.facebook.com\/cosicz\" target=\"_blank\" rel=\"noopener\">Facebook<\/a><\/p>\n<p><a href=\"https:\/\/www.instagram.com\/zlatko.cosic\/\" target=\"_blank\" rel=\"noopener\">Instagram<\/a><\/p>\n<p><img loading=\"lazy\" decoding=\"async\" class=\"inline-block relative rounded-[50%] w-16 h-16 contextual-sign-in-modal__img m-auto lazy-loaded alignleft\" src=\"https:\/\/media.licdn.com\/dms\/image\/C4E03AQFE_YUhEST_dw\/profile-displayphoto-shrink_800_800\/0\/1517735668834?e=2147483647&amp;v=beta&amp;t=ljA3nIYI_0gP8dqls2n6U0hWT6Ik9oBR9v1kG9lp9-Q\" alt=\"\" width=\"212\" height=\"212\" data-ghost-classes=\"bg-color-entity-ghost-background\" data-ghost-url=\"https:\/\/static.licdn.com\/aero-v1\/sc\/h\/9c8pery4andzj6ohjkjp54ma2\" aria-busy=\"false\" \/><strong>Zlatko \u0106osi\u0107<\/strong> est un artiste vid\u00e9o n\u00e9 en Yougoslavie dont le travail comprend des courts m\u00e9trages, des installations vid\u00e9o, des projections th\u00e9\u00e2trales et architecturales, et des performances audiovisuelles. L&rsquo;exp\u00e9rience de \u0106osi\u0107 en tant que r\u00e9fugi\u00e9 a influenc\u00e9 et fa\u00e7onn\u00e9 le contenu de sa premi\u00e8re pratique artistique. Son travail a commenc\u00e9 par les d\u00e9fis de l&rsquo;immigration et des identit\u00e9s changeantes, \u00e9voluant vers des questions sociopolitiques li\u00e9es \u00e0 l&rsquo;injustice, au consum\u00e9risme et \u00e0 la crise climatique. Les \u0153uvres de \u0106osi\u0107 ont \u00e9t\u00e9 pr\u00e9sent\u00e9es dans plus de cinquante pays lors d&rsquo;expositions telles que le Contemporary Art Museum St. Louis, le Ann Arbor Film Festival, Video Vortex XI at Kochi-Muzeris Biennale, ZKM Center for Art and Media Karlsruhe, St. Louis International Film Festival, Torrance Art Museum, Alchemy Film and Moving Image Festival, \/si:n\/ Video Art and Performance Biennale, Institut F\u00fcr Alles M\u00f6gliche, The Pulitzer Arts Foundation, Kunstverein K\u00e4rnten, Art Speaks Out at UN Climate Change Conference, and the Research Pavilion at the 57th Venice Biennale. Il a re\u00e7u des subventions, notamment les WaveMaker Grants de Locust Projects, une Kranzberg Grant du Laumeier Sculpture Park et la Regional Arts Commission Artist Fellowship.<\/p>\n<p><em>Zlatko \u0106osi\u0107 is a video artist born in Yugoslavia whose work includes short films, video installations, theater and architectural projections, and audio-visual performances. \u0106osi\u0107\u2019s experience as a refugee influenced and shaped the content of his early artistic practice. His work began with the challenges of immigration and shifting identities, evolving to socio-political issues related to injustice, consumerism, and climate crisis. \u0106osi\u0107&rsquo;s artwork has been shown in over fifty countries in exhibitions such as the Contemporary Art Museum St. Louis, Ann Arbor Film Festival, Video Vortex XI at Kochi-Muzeris Biennale, ZKM Center for Art and Media Karlsruhe, St. Louis International Film Festival, Torrance Art Museum, Alchemy Film and Moving Image Festival, \/si:n\/ Video Art and Performance Biennale, Institut F\u00fcr Alles M\u00f6gliche, The Pulitzer Arts Foundation, Kunstverein K\u00e4rnten, Art Speaks Out at UN Climate Change Conference, and the Research Pavilion at the 57th Venice Biennale. He has received grants including the WaveMaker Grants at Locust Projects, a Kranzberg Grant from Laumeier Sculpture Park, and the Regional Arts Commission Artist Fellowship.<\/em><\/p>\n<p>&nbsp;<\/p>\n","protected":false},"featured_media":10688,"menu_order":0,"template":"","portfolio-category":[357],"portfolio-tag":[],"class_list":["post-10685","portfolio","type-portfolio","status-publish","has-post-thumbnail","hentry","portfolio-category-friche-19-oct-2023-18h30"],"_links":{"self":[{"href":"https:\/\/www.instantsvideo.com\/blog\/wp-json\/wp\/v2\/portfolio\/10685","targetHints":{"allow":["GET"]}}],"collection":[{"href":"https:\/\/www.instantsvideo.com\/blog\/wp-json\/wp\/v2\/portfolio"}],"about":[{"href":"https:\/\/www.instantsvideo.com\/blog\/wp-json\/wp\/v2\/types\/portfolio"}],"wp:featuredmedia":[{"embeddable":true,"href":"https:\/\/www.instantsvideo.com\/blog\/wp-json\/wp\/v2\/media\/10688"}],"wp:attachment":[{"href":"https:\/\/www.instantsvideo.com\/blog\/wp-json\/wp\/v2\/media?parent=10685"}],"wp:term":[{"taxonomy":"portfolio-category","embeddable":true,"href":"https:\/\/www.instantsvideo.com\/blog\/wp-json\/wp\/v2\/portfolio-category?post=10685"},{"taxonomy":"portfolio-tag","embeddable":true,"href":"https:\/\/www.instantsvideo.com\/blog\/wp-json\/wp\/v2\/portfolio-tag?post=10685"}],"curies":[{"name":"wp","href":"https:\/\/api.w.org\/{rel}","templated":true}]}}

<p><em>Horizons</em> est une vidéo expérimentale inspirée d&rsquo;un plan de conduite filmé au Nouveau-Mexique et de la composition musicale « Horizons » de Rodney Waschka. Le film utilise l&rsquo;idée d&rsquo;un puzzle vidéo, assemblant les pièces d&rsquo;une image. Les images suivent les rythmes et les articulations de la musique, créant une synchronisation entre les images et le son. La vidéo qui en résulte développe un sens unique du mouvement, car les images dansent.</p>
<p>Horizons<em> is an experimental video inspired by a driving shot filmed in New Mexico, and the music composition, « Horizons » by Rodney Waschka. The film uses the idea of a video puzzle, assembling the pieces of an image. The visuals follow the rhythms and articulations of the music, creating a synchronization between the images and the sound. The resultant video develops a unique sense of motion as the visuals dance.</em></p>
<p><img loading="lazy" decoding="async" src="https://www.zlatkocosic.com/films/horizons/graphics/horizons01.jpg" width="984" height="738" /></p>
<p><a href="https://www.zlatkocosic.com" target="_blank" rel="noopener">Website</a></p>
<p><a href="https://www.facebook.com/cosicz" target="_blank" rel="noopener">Facebook</a></p>
<p><a href="https://www.instagram.com/zlatko.cosic/" target="_blank" rel="noopener">Instagram</a></p>
<p><img loading="lazy" decoding="async" class="inline-block relative rounded-[50%] w-16 h-16 contextual-sign-in-modal__img m-auto lazy-loaded alignleft" src="https://media.licdn.com/dms/image/C4E03AQFE_YUhEST_dw/profile-displayphoto-shrink_800_800/0/1517735668834?e=2147483647&amp;v=beta&amp;t=ljA3nIYI_0gP8dqls2n6U0hWT6Ik9oBR9v1kG9lp9-Q" alt="" width="212" height="212" data-ghost-classes="bg-color-entity-ghost-background" data-ghost-url="https://static.licdn.com/aero-v1/sc/h/9c8pery4andzj6ohjkjp54ma2" aria-busy="false" /><strong>Zlatko Ćosić</strong> est un artiste vidéo né en Yougoslavie dont le travail comprend des courts métrages, des installations vidéo, des projections théâtrales et architecturales, et des performances audiovisuelles. L&rsquo;expérience de Ćosić en tant que réfugié a influencé et façonné le contenu de sa première pratique artistique. Son travail a commencé par les défis de l&rsquo;immigration et des identités changeantes, évoluant vers des questions sociopolitiques liées à l&rsquo;injustice, au consumérisme et à la crise climatique. Les œuvres de Ćosić ont été présentées dans plus de cinquante pays lors d&rsquo;expositions telles que le Contemporary Art Museum St. Louis, le Ann Arbor Film Festival, Video Vortex XI at Kochi-Muzeris Biennale, ZKM Center for Art and Media Karlsruhe, St. Louis International Film Festival, Torrance Art Museum, Alchemy Film and Moving Image Festival, /si:n/ Video Art and Performance Biennale, Institut Für Alles Mögliche, The Pulitzer Arts Foundation, Kunstverein Kärnten, Art Speaks Out at UN Climate Change Conference, and the Research Pavilion at the 57th Venice Biennale. Il a reçu des subventions, notamment les WaveMaker Grants de Locust Projects, une Kranzberg Grant du Laumeier Sculpture Park et la Regional Arts Commission Artist Fellowship.</p>
<p><em>Zlatko Ćosić is a video artist born in Yugoslavia whose work includes short films, video installations, theater and architectural projections, and audio-visual performances. Ćosić’s experience as a refugee influenced and shaped the content of his early artistic practice. His work began with the challenges of immigration and shifting identities, evolving to socio-political issues related to injustice, consumerism, and climate crisis. Ćosić&rsquo;s artwork has been shown in over fifty countries in exhibitions such as the Contemporary Art Museum St. Louis, Ann Arbor Film Festival, Video Vortex XI at Kochi-Muzeris Biennale, ZKM Center for Art and Media Karlsruhe, St. Louis International Film Festival, Torrance Art Museum, Alchemy Film and Moving Image Festival, /si:n/ Video Art and Performance Biennale, Institut Für Alles Mögliche, The Pulitzer Arts Foundation, Kunstverein Kärnten, Art Speaks Out at UN Climate Change Conference, and the Research Pavilion at the 57th Venice Biennale. He has received grants including the WaveMaker Grants at Locust Projects, a Kranzberg Grant from Laumeier Sculpture Park, and the Regional Arts Commission Artist Fellowship.</em></p>
<p>&nbsp;</p>
