{"id":10670,"date":"2023-08-09T16:01:35","date_gmt":"2023-08-09T15:01:35","guid":{"rendered":"https:\/\/www.instantsvideo.com\/blog\/?post_type=portfolio&#038;p=10670"},"modified":"2023-09-06T00:53:44","modified_gmt":"2023-09-05T23:53:44","slug":"wait-sea","status":"publish","type":"portfolio","link":"https:\/\/www.instantsvideo.com\/blog\/video\/wait-sea\/","title":{"rendered":"Wait &#038; Sea"},"content":{"rendered":"<p>L&rsquo;artiste et la mer&#8230; Th\u00e8me de la r\u00e9sidence KaN\u00eeBaL&rsquo;HoPoX organis\u00e9e par la Galerie Meno Parkas \u00e0 Palanga, avec le plasticien Alain Boulerot<\/p>\n<p><em>The artist and the sea&#8230; Theme of the KaN\u00eeBaL&rsquo;HoPoX residency organised by the Galerie Meno Parkas in Palanga, with visual artist Alain Boulerot.<\/em><\/p>\n<p><a class=\"wixui-rich-text__text\" href=\"https:\/\/www.facebook.com\/judith.lesur\" target=\"_blank\" rel=\"noreferrer noopener\">Facebook<\/a><\/p>\n<p><a class=\"wixui-rich-text__text\" href=\"https:\/\/www.instagram.com\/judith_lesur\/\" target=\"_blank\" rel=\"noreferrer noopener\">Instagram<\/a><\/p>\n<p><a href=\"https:\/\/www.judithlesur.com\/\" target=\"_blank\" rel=\"noopener\">Website<\/a><\/p>\n<p class=\"font_8 wixui-rich-text__text\"><span class=\"wixui-rich-text__text\"><img loading=\"lazy\" decoding=\"async\" class=\"alignleft\" src=\"https:\/\/static.wixstatic.com\/media\/765233_51e2de3a43ca4f2aa223caa7748f1e9b~mv2.jpg\/v1\/fill\/w_314,h_224,al_c,q_80,usm_0.66_1.00_0.01,enc_auto\/765233_51e2de3a43ca4f2aa223caa7748f1e9b~mv2.jpg\" srcset=\"https:\/\/static.wixstatic.com\/media\/765233_51e2de3a43ca4f2aa223caa7748f1e9b~mv2.jpg\/v1\/fill\/w_314,h_224,al_c,q_80,usm_0.66_1.00_0.01,enc_auto\/765233_51e2de3a43ca4f2aa223caa7748f1e9b~mv2.jpg\" alt=\"\" width=\"229\" height=\"163\" \/><strong>Judith Lesur<\/strong> est n\u00e9e \u00e0 Lyon en 1971,\u00a0<\/span><span class=\"wixui-rich-text__text\">o\u00f9 elle vit et travaille.\u00a0<\/span><span class=\"wixui-rich-text__text\">Son parcours est multidisciplinaire :\u00a0<\/span><span class=\"wixui-rich-text__text\">d&rsquo;\u00e9tudes de philosophie \u00e0 l\u2019\u00e9criture,\u00a0<\/span><span class=\"wixui-rich-text__text\">du th\u00e9\u00e2tre \u00e0 l\u2019image fixe et en mouvement.\u00a0<\/span><span class=\"wixui-rich-text__text\">Elle se consacre \u00e0 la photo, au photomontage, \u00e0 la vid\u00e9o et \u00e0 la vid\u00e9o d&rsquo;animation \u00e0 base de collages surr\u00e9alistes.\u00a0<\/span><span class=\"wixui-rich-text__text\">Elle s&rsquo;associe parfois \u00e0 des mus\u00e9es pour s\u2019inspirer de leurs collections (Mus\u00e9es des Beaux-Arts de N\u00eemes et de Lyon, Mus\u00e9e National d&rsquo;Art de Kaunas en Lituanie)&#8230;\u00a0<\/span><span class=\"wixui-rich-text__text\">Ses vid\u00e9os sont \u00e0 d\u00e9couvrir en galeries, sous forme d&rsquo;installations, ou en festivals (Kaunas in Art &#8211; 2014, Instants Vid\u00e9o &#8211; Friche de la Belle de Mai &#8211; Marseille &#8211; 2015, Festival d&rsquo;art vid\u00e9o de Casablanca &#8211; Maroc &#8211; 2016, Shared Sight International Short film Festival &#8211; Cluj-Napoca (Roumanie) &#8211; sept 17&#8230;)\u00a0<\/span><span class=\"wixui-rich-text__text\">Elle fait partie du collectif europ\u00e9en de plasticiens KaN\u00eeBaL\u2019HoPoX (symposiums et expositions \u00e0 Lyon, N\u00eemes, Barcelone, Kaunas, D\u00fcsseldorf&#8230;) et de l&rsquo;association <a class=\"wixui-rich-text__text\" href=\"http:\/\/www.pig-asso.fr\/\" target=\"_blank\" rel=\"noreferrer noopener\">PIG,<\/a> r\u00e9unissant des professionnels de l&rsquo;image.\u00a0<\/span><span class=\"wixui-rich-text__text\">Elle met en place des projets de m\u00e9diation culturelle (ateliers artistiques pluridisciplinaires), notamment \u00e0 l&rsquo;h\u00f4pital et en prison, en France et \u00e0 l&rsquo;\u00e9tranger (Lituanie, Madagascar).<\/span><\/p>\n<p>Judith Lesur was born in Lyon (France) in 1971, where she now lives and works. After staying two years in Australia, traveling is still an important driving force, either for inspiring oneself during art residencies or for sharing experiences through social art projects. Her career is multidisciplinary: from philosophy studies to fiction writing, theater directing, performance and still or animated images editing. She now devotes herself to photography and animated video based on surrealist collages. She sometimes associates with museums to draw inspiration from their collections. She is part of KaN\u00eeBaL&rsquo;HoPoX, a group of European artists organizing residencies and exhibitions in France, Spain, Germany and Lithuania. She also implements socio-cultural projects (multidisciplinary artistic workshops), particularly in hospitals and prisons, in France and abroad (Lithuania, Madagascar).<\/p>\n","protected":false},"featured_media":10671,"menu_order":0,"template":"","portfolio-category":[357],"portfolio-tag":[],"class_list":["post-10670","portfolio","type-portfolio","status-publish","has-post-thumbnail","hentry","portfolio-category-friche-19-oct-2023-18h30"],"_links":{"self":[{"href":"https:\/\/www.instantsvideo.com\/blog\/wp-json\/wp\/v2\/portfolio\/10670","targetHints":{"allow":["GET"]}}],"collection":[{"href":"https:\/\/www.instantsvideo.com\/blog\/wp-json\/wp\/v2\/portfolio"}],"about":[{"href":"https:\/\/www.instantsvideo.com\/blog\/wp-json\/wp\/v2\/types\/portfolio"}],"wp:featuredmedia":[{"embeddable":true,"href":"https:\/\/www.instantsvideo.com\/blog\/wp-json\/wp\/v2\/media\/10671"}],"wp:attachment":[{"href":"https:\/\/www.instantsvideo.com\/blog\/wp-json\/wp\/v2\/media?parent=10670"}],"wp:term":[{"taxonomy":"portfolio-category","embeddable":true,"href":"https:\/\/www.instantsvideo.com\/blog\/wp-json\/wp\/v2\/portfolio-category?post=10670"},{"taxonomy":"portfolio-tag","embeddable":true,"href":"https:\/\/www.instantsvideo.com\/blog\/wp-json\/wp\/v2\/portfolio-tag?post=10670"}],"curies":[{"name":"wp","href":"https:\/\/api.w.org\/{rel}","templated":true}]}}

<p>L&rsquo;artiste et la mer&#8230; Thème de la résidence KaNîBaL&rsquo;HoPoX organisée par la Galerie Meno Parkas à Palanga, avec le plasticien Alain Boulerot</p>
<p><em>The artist and the sea&#8230; Theme of the KaNîBaL&rsquo;HoPoX residency organised by the Galerie Meno Parkas in Palanga, with visual artist Alain Boulerot.</em></p>
<p><a class="wixui-rich-text__text" href="https://www.facebook.com/judith.lesur" target="_blank" rel="noreferrer noopener">Facebook</a></p>
<p><a class="wixui-rich-text__text" href="https://www.instagram.com/judith_lesur/" target="_blank" rel="noreferrer noopener">Instagram</a></p>
<p><a href="https://www.judithlesur.com/" target="_blank" rel="noopener">Website</a></p>
<p class="font_8 wixui-rich-text__text"><span class="wixui-rich-text__text"><img loading="lazy" decoding="async" class="alignleft" src="https://static.wixstatic.com/media/765233_51e2de3a43ca4f2aa223caa7748f1e9b~mv2.jpg/v1/fill/w_314,h_224,al_c,q_80,usm_0.66_1.00_0.01,enc_auto/765233_51e2de3a43ca4f2aa223caa7748f1e9b~mv2.jpg" srcset="https://static.wixstatic.com/media/765233_51e2de3a43ca4f2aa223caa7748f1e9b~mv2.jpg/v1/fill/w_314,h_224,al_c,q_80,usm_0.66_1.00_0.01,enc_auto/765233_51e2de3a43ca4f2aa223caa7748f1e9b~mv2.jpg" alt="" width="229" height="163" /><strong>Judith Lesur</strong> est née à Lyon en 1971, </span><span class="wixui-rich-text__text">où elle vit et travaille. </span><span class="wixui-rich-text__text">Son parcours est multidisciplinaire : </span><span class="wixui-rich-text__text">d&rsquo;études de philosophie à l’écriture, </span><span class="wixui-rich-text__text">du théâtre à l’image fixe et en mouvement. </span><span class="wixui-rich-text__text">Elle se consacre à la photo, au photomontage, à la vidéo et à la vidéo d&rsquo;animation à base de collages surréalistes. </span><span class="wixui-rich-text__text">Elle s&rsquo;associe parfois à des musées pour s’inspirer de leurs collections (Musées des Beaux-Arts de Nîmes et de Lyon, Musée National d&rsquo;Art de Kaunas en Lituanie)&#8230; </span><span class="wixui-rich-text__text">Ses vidéos sont à découvrir en galeries, sous forme d&rsquo;installations, ou en festivals (Kaunas in Art &#8211; 2014, Instants Vidéo &#8211; Friche de la Belle de Mai &#8211; Marseille &#8211; 2015, Festival d&rsquo;art vidéo de Casablanca &#8211; Maroc &#8211; 2016, Shared Sight International Short film Festival &#8211; Cluj-Napoca (Roumanie) &#8211; sept 17&#8230;) </span><span class="wixui-rich-text__text">Elle fait partie du collectif européen de plasticiens KaNîBaL’HoPoX (symposiums et expositions à Lyon, Nîmes, Barcelone, Kaunas, Düsseldorf&#8230;) et de l&rsquo;association <a class="wixui-rich-text__text" href="http://www.pig-asso.fr/" target="_blank" rel="noreferrer noopener">PIG,</a> réunissant des professionnels de l&rsquo;image. </span><span class="wixui-rich-text__text">Elle met en place des projets de médiation culturelle (ateliers artistiques pluridisciplinaires), notamment à l&rsquo;hôpital et en prison, en France et à l&rsquo;étranger (Lituanie, Madagascar).</span></p>
<p>Judith Lesur was born in Lyon (France) in 1971, where she now lives and works. After staying two years in Australia, traveling is still an important driving force, either for inspiring oneself during art residencies or for sharing experiences through social art projects. Her career is multidisciplinary: from philosophy studies to fiction writing, theater directing, performance and still or animated images editing. She now devotes herself to photography and animated video based on surrealist collages. She sometimes associates with museums to draw inspiration from their collections. She is part of KaNîBaL&rsquo;HoPoX, a group of European artists organizing residencies and exhibitions in France, Spain, Germany and Lithuania. She also implements socio-cultural projects (multidisciplinary artistic workshops), particularly in hospitals and prisons, in France and abroad (Lithuania, Madagascar).</p>
